NOAA klimatische Zusammenfassung

                   MONTHLY CLIMATOLOGICAL SUMMARY for FEB 2012


NAME: Wetterstation-Pliening  CITY: Pliening              STATE: Bayern              
ELEV:  504.1 m    LAT: 48.2 N    LONG: 11.8 E


                   TEMPERATURE (C), RAIN (mm), WIND SPEED (kph)

                                         HEAT   COOL         AVG
      MEAN                               DEG    DEG          WIND                  DOM
DAY   TEMP   HIGH  TIME    LOW   TIME    DAYS   DAYS   RAIN  SPEED   HIGH  TIME    DIR
---------------------------------------------------------------------------------------
01    -7.4   -4.4  15:26  -10.7  06:04   46.5    0.0     0.0  0.0     0.0  00:00   NE
02    -8.9   -6.3  14:04  -10.9  23:49   48.5    0.0     0.0  7.6    37.0  12:52   ENE
03   -12.7   -9.2  15:24  -15.7  08:03   55.4    0.0     0.0  4.4    27.4  12:30   ENE
04   -13.5  -10.0  14:20  -16.6  08:17   56.9    0.0     0.0  3.1    24.1  11:35   ENE
05   -12.8   -8.4  13:56  -15.7  07:51   54.7    0.0     0.0  4.9    27.4  16:55   ENE
06   -14.0  -10.7  15:08  -18.1  07:55   58.8    0.0     0.0  1.7    14.5  12:05   NE
07   -12.0  -10.3  15:54  -13.4  07:36   54.4    0.0     1.2  5.5    40.2  22:50   NNE
08   -10.5   -6.7  15:09  -13.3  23:59   51.0    0.0     0.0  4.4    30.6  00:00   ENE
09   -10.2   -6.6  13:31  -14.3  04:44   51.8    0.0     1.0  5.3    27.4  22:15   W
10   -10.7   -8.8  15:01  -11.6  18:24   51.3    0.0     0.4  3.1    22.5  11:55   ENE
11   -11.9   -9.3  15:44  -15.8  22:36   55.6    0.0     0.0  6.5    30.6  10:30   ENE
12   -14.2   -8.6  14:50  -19.2  07:55   58.0    0.0     0.0  1.0    16.1  14:10   NNE
13    -9.8   -5.1  15:50  -16.9  04:33   52.8    0.0     1.0  6.0    22.5  14:55   SW
14    -3.5   -1.6  16:34   -5.8  00:00   39.7    0.0     2.2  7.5    33.8  22:02   W
15    -0.3    0.8  15:15   -1.7  00:00   33.8    0.0     4.5 26.2    69.2  07:50   W
16    -0.1    2.8  15:18   -2.4  07:38   32.7    0.0     0.0 10.4    45.1  02:45   W
17     1.0    3.1  15:51   -2.1  00:00   32.2    0.0     1.4 12.8    38.6  14:30   WSW
18     2.6    7.6  15:30   -0.8  23:46   26.9    0.0     0.0  4.3    37.0  17:49   SW
19     1.0    3.2  10:51   -1.7  23:35   31.6    0.0     2.0  8.3    56.3  11:20   SW
20    -1.2    1.3  13:12   -4.4  23:56   35.8    0.0     0.0  2.9    27.4  02:55   NW
21    -3.0    3.0  16:49   -7.8  07:25   37.3    0.0     0.0  1.7    20.9  22:50   SSE
22    -0.8    5.4  14:13   -6.3  06:13   33.8    0.0     0.0  3.0    29.0  14:45   SSE
23     2.5    6.2  15:39   -2.3  02:41   29.5    0.0     0.0  7.5    29.0  12:46   SW
24     7.1   13.2  15:35    2.7  07:43   18.8    0.0     0.0  6.8    49.9  23:32   W
25     6.0    7.6  16:43    4.5  22:18   22.2    0.0     0.0  7.5    25.7  01:45   W
26     2.2    4.7  00:00    0.3  23:57   28.5    0.0     2.0 10.0    32.2  02:40   W
27     2.0    5.3  16:28   -0.1  07:05   28.3    0.0     0.0  5.5    33.8  11:10   W
28     4.3    7.1  14:40    1.4  00:05   25.4    0.0     0.2  8.2    32.2  15:20   WSW
29     7.4   11.2  14:12    4.7  07:36   18.7    0.0     0.0  4.4    24.1  01:40   WSW
---------------------------------------------------------------------------------------
      -4.2   13.2    24   -19.2    12   1170.9    0.0    16.1  6.2    69.2    15    WSW

Max >=   32.2:  0
Max <=    0.0:  14
Min <=    0.0:  24
Min <=  -17.8:  2
Max Rain    :    4.5 mm ON 02/15/2012
Days of Rain: 9 (> 0.254 mm) 1 (> 2.54 mm) 0 (> 25.4 mm)



Please note the license to use and transfer of this data:
http://creativecommons.org/licenses/by-nc-sa/3.0/deed.en

Bitte beachten sie die Lizenz zur Verwertung und Weitergabe der Daten:
http://creativecommons.org/licenses/by-nc-sa/3.0/deed.de

zurück zur Übersicht der NOAA Aufstellungen

Cookies helfen bei der Bereitstellung von Inhalten. Durch die Nutzung dieser Seiten erklärst du dich damit einverstanden, dass Cookies auf deinem Rechner gespeichert werden. Weitere Information