NOAA klimatische Zusammenfassung

                   MONTHLY CLIMATOLOGICAL SUMMARY for MAR 2012


NAME: Wetterstation-Pliening  CITY: Pliening              STATE: Bayern              
ELEV:  504.1 m    LAT: 48.2 N    LONG: 11.8 E


                   TEMPERATURE (C), RAIN (mm), WIND SPEED (kph)

                                         HEAT   COOL         AVG
      MEAN                               DEG    DEG          WIND                  DOM
DAY   TEMP   HIGH  TIME    LOW   TIME    DAYS   DAYS   RAIN  SPEED   HIGH  TIME    DIR
---------------------------------------------------------------------------------------
01     6.5   10.8  15:19    3.4  04:45   20.2    0.0     0.0  3.4    25.7  15:40   E
02     5.1    7.2  14:32    2.3  07:05   24.5    0.0     0.0  2.4    20.9  13:25   WSW
03     4.3    6.0  15:37    2.6  06:25   25.3    0.0     0.0  2.5    16.1  15:10   SE
04     5.1    6.4  13:38    4.1  00:00   23.6    0.0     0.0  2.5    16.1  15:30   ENE
05     2.4    4.6  00:00    0.3  22:17   28.6    0.0     4.9  4.1    48.3  09:40   S
06     1.9    5.9  16:16   -0.7  23:57   28.4    0.0     0.0  1.2    20.9  14:50   ENE
07     2.8    9.6  15:53   -2.4  06:27   26.5    0.0     0.0  2.2    20.9  23:23   SE
08     2.6    4.5  01:22    0.5  23:56   28.5    0.0     3.5 11.9    41.8  03:35   W
09     2.0    7.1  13:53   -1.3  06:11   27.8    0.0     0.0  2.2    14.5  13:45   WSW
10     2.8    9.5  15:46   -2.3  06:41   26.6    0.0     0.0  3.3    20.9  13:35   SW
11     4.1    5.9  14:48    2.2  01:33   25.8    0.0     1.2  8.9    33.8  10:45   WSW
12     6.1    8.3  13:04    4.3  00:00   21.6    0.0     0.2  9.8    35.4  10:50   W
13     6.6    8.3  14:36    5.2  07:21   20.8    0.0     0.0  3.8    19.3  13:15   WNW
14     6.7   12.2  16:06    2.3  23:54   19.9    0.0     0.0  1.8    16.1  12:35   N
15     6.5   15.2  16:21   -0.9  06:39   20.1    0.0     0.0  1.6    41.8  19:05   ENE
16     9.9   19.4  15:05    1.1  06:39   14.5    0.0     0.0  2.7    38.6  16:40   SSE
17    11.8   19.8  14:15    5.3  05:13   10.4    0.0     0.0  4.4    22.5  11:45   S
18    10.4   18.6  14:57    5.2  23:51   11.6    0.0     2.0  6.8    49.9  18:20   SSE
19     4.9    7.2  15:24    2.6  06:20   24.1    0.0     2.6  3.1    30.6  00:50   WSW
20     6.7   12.2  15:23    2.7  06:26   19.5    0.0     0.0  2.0    19.3  16:00   NNE
21     7.1   14.6  15:33    0.0  06:42   19.9    0.0     0.0  3.3    25.7  12:05   ESE
22     8.7   16.7  15:43    0.6  06:40   17.4    0.0     0.0  3.9    27.4  13:35   E
23     9.3   16.8  16:07    2.2  06:34   15.9    0.0     0.0  1.9    64.4  04:40   NE
24     8.6   16.8  14:59    4.0  05:48   14.2    0.0    13.4  3.3    35.4  16:35   SSE
25     9.5   17.4  17:34    2.7  07:02   15.0    0.0     0.0  2.4    14.5  15:30   S
26     9.0   15.9  17:14    1.9  07:27   16.9    0.0     0.0  2.8    20.9  13:10   NE
27     9.2   16.7  17:18    1.9  07:09   16.2    0.0     0.0  3.9    20.9  17:15   SW
28    11.4   19.6  16:56    4.1  07:31   11.7    0.0     0.0  4.2    17.7  15:25   SW
29    10.4   15.7  14:14    5.1  06:54   14.3    0.0     0.0 14.5    51.5  16:50   WSW
30     7.7    9.2  00:00    6.1  08:53   19.2    0.0     0.0 17.6    46.7  17:25   W
31     8.0   11.4  13:30    3.3  23:48   19.8    0.0     0.0 16.5    53.1  15:30   WNW
---------------------------------------------------------------------------------------
       6.7   19.8    17    -2.4     7   628.8    0.0    27.8  5.0    64.4    23    SSW

Max >=   32.2:  0
Max <=    0.0:  0
Min <=    0.0:  6
Min <=  -17.8:  0
Max Rain    :   13.4 mm ON 03/24/2012
Days of Rain: 6 (> 0.254 mm) 4 (> 2.54 mm) 0 (> 25.4 mm)



Please note the license to use and transfer of this data:
http://creativecommons.org/licenses/by-nc-sa/3.0/deed.en

Bitte beachten sie die Lizenz zur Verwertung und Weitergabe der Daten:
http://creativecommons.org/licenses/by-nc-sa/3.0/deed.de

zurück zur Übersicht der NOAA Aufstellungen

Cookies helfen bei der Bereitstellung von Inhalten. Durch die Nutzung dieser Seiten erklärst du dich damit einverstanden, dass Cookies auf deinem Rechner gespeichert werden. Weitere Information