NOAA klimatische Zusammenfassung

                   MONTHLY CLIMATOLOGICAL SUMMARY for JUN 2012


NAME: Wetterstation-Pliening  CITY: Pliening              STATE: Bayern              
ELEV:  504.1 m    LAT: 48.2 N    LONG: 11.8 E


                   TEMPERATURE (C), RAIN (mm), WIND SPEED (kph)

                                         HEAT   COOL         AVG
      MEAN                               DEG    DEG          WIND                  DOM
DAY   TEMP   HIGH  TIME    LOW   TIME    DAYS   DAYS   RAIN  SPEED   HIGH  TIME    DIR
---------------------------------------------------------------------------------------
01    15.2   19.1  17:36   11.6  05:59    5.4    0.0     2.8 11.8    40.2  03:25   W
02    16.7   23.4  18:35   12.4  05:33    0.8    0.0     0.0  3.9    19.3  10:16   SW
03    16.7   24.7  16:08   11.0  05:23    0.9    0.0    12.0  7.1    46.7  18:15   SSW
04    13.1   17.2  16:15   11.1  07:29    7.5    0.0    17.7  7.0    33.8  18:25   WSW
05    11.0   15.2  16:24    7.6  07:51   12.6    0.0     1.8 10.4    49.9  05:25   W
06    12.7   20.3  15:16    6.8  02:30    8.6    0.0     0.8  4.4    30.6  15:05   SSE
07    18.1   24.7  16:21   11.0  02:07    0.9    0.0     5.1  4.8    54.7  22:10   SE
08    16.4   21.1  12:33   12.9  23:24    2.4    0.0     9.1  6.0    33.8  15:50   SW
09    13.3   18.6  18:41   10.8  07:16    6.5    0.0    12.0  5.9    24.1  16:30   SSW
10    12.5   15.8  17:42   10.5  11:29    9.3    0.0    13.6  3.1    19.3  11:17   WSW
11    13.7   19.6  17:32   10.1  04:20    6.3    0.0     7.5  3.3    30.6  22:20   SSE
12    11.3   15.8  12:50    9.9  05:31    9.8    0.0    11.0  2.9    37.0  18:50   SSE
13    14.3   19.0  16:51   10.3  05:55    6.7    0.0     7.9  9.8    38.6  18:05   W
14    14.6   20.9  17:29    8.3  05:14    6.7    0.0     0.2  2.8    19.3  00:29   WSW
15    18.9   27.7  16:55    8.7  05:10    0.2    0.0     0.0  2.4    22.5  15:10   SE
16    22.8   30.7  15:37   13.7  05:49    0.0    6.9     0.0  3.0    27.4  23:20   SSE
17    17.9   23.8  18:00   15.0  04:34    0.0    2.0     0.0  5.8    25.7  00:37   WNW
18    27.0   32.6  17:49   14.5  05:40    0.0    9.4     0.0  3.0    27.4  13:47   WNW
19    21.6   27.0  16:36   16.1  04:37    0.0    5.8    14.2  7.0    30.6  02:58   E
20    20.4   26.7  15:20   16.5  23:48    0.0    5.9     9.1  3.8    62.8  17:50   WSW
21    21.1   27.2  18:04   15.1  05:36    0.0    5.0     0.4  1.6    61.2  23:55   NNW
22    18.5   22.7  17:06   15.0  05:08    0.0    0.9     2.2  4.9    40.2  00:04   W
23    18.1   23.8  16:08   12.7  05:04    0.2    0.0     0.0  1.2    17.7  15:15   NNW
24    19.4   26.7  14:39   11.8  05:22    0.0    1.6     0.0  5.3    37.0  18:55   WSW
25    15.6   19.8  17:18   11.8  09:41    4.6    0.0     8.7  9.5    43.5  00:55   W
26    17.0   22.7  18:07   11.7  05:39    2.0    0.0     0.0  6.0    30.6  14:10   W
27    20.3   26.6  17:56   14.9  06:17    0.0    4.4     0.0  3.5    24.1  14:50   WSW
28    22.0   27.3  17:00   15.7  06:37    0.0    5.7     0.0  2.4    19.3  12:10   ESE
29    23.5   30.9  15:09   17.4  08:46    0.0   10.5     1.0  4.1    33.8  07:45   SE
30    25.0   31.5  16:31   18.7  05:37    0.0   12.1     0.0  4.5    40.2  22:55   ENE
---------------------------------------------------------------------------------------
      17.6   32.6    18     6.8     6    91.4   70.2   137.4  5.0    62.8    20    SW

Max >=   32.2:  1
Max <=    0.0:  0
Min <=    0.0:  0
Min <=  -17.8:  0
Max Rain    :   17.7 mm ON 06/04/2012
Days of Rain: 18 (> 0.254 mm) 13 (> 2.54 mm) 0 (> 25.4 mm)



Please note the license to use and transfer of this data:
http://creativecommons.org/licenses/by-nc-sa/3.0/deed.en

Bitte beachten sie die Lizenz zur Verwertung und Weitergabe der Daten:
http://creativecommons.org/licenses/by-nc-sa/3.0/deed.de

zurück zur Übersicht der NOAA Aufstellungen

Cookies helfen bei der Bereitstellung von Inhalten. Durch die Nutzung dieser Seiten erklärst du dich damit einverstanden, dass Cookies auf deinem Rechner gespeichert werden. Weitere Information