NOAA klimatische Zusammenfassung

                   MONTHLY CLIMATOLOGICAL SUMMARY for AUG 2012


NAME: Wetterstation-Pliening  CITY: Pliening              STATE: Bayern              
ELEV:  504.1 m    LAT: 48.2 N    LONG: 11.8 E


                   TEMPERATURE (C), RAIN (mm), WIND SPEED (kph)

                                         HEAT   COOL         AVG
      MEAN                               DEG    DEG          WIND                  DOM
DAY   TEMP   HIGH  TIME    LOW   TIME    DAYS   DAYS   RAIN  SPEED   HIGH  TIME    DIR
---------------------------------------------------------------------------------------
01    21.7   29.7  16:56   12.8  06:20    0.0    5.2     0.0  3.7    22.5  11:35   E
02    23.3   30.6  16:44   16.0  03:46    0.0    8.9    15.2  3.4    53.1  22:31   W
03    19.6   24.7  17:43   15.8  07:50    0.0    3.5     8.1  2.1    25.7  00:35   NNW
04    20.5   25.2  16:13   17.0  06:29    0.0    5.0     1.2  3.2    17.7  15:10   ESE
05    20.1   28.2  16:38   15.6  23:58    0.0    6.5     3.7  3.2    62.8  18:04   SSE
06    18.2   24.3  12:33   13.7  23:58    0.0    1.2    15.0  5.8    40.2  20:50   W
07    17.4   23.8  16:07   11.4  06:05    1.3    0.0     0.0  6.4    32.2  15:50   WSW
08    17.9   23.6  17:23   14.2  05:35    0.0    1.0     0.0  1.8    22.5  17:33   NNW
09    18.2   24.9  17:29   11.7  04:55    0.0    0.0     0.0  1.1    14.5  13:40   NNW
10    18.3   24.7  16:18   12.9  05:08    0.0    0.9     0.0  1.3    24.1  16:30   N
11    15.4   19.9  17:31   11.3  06:38    4.8    0.0     0.0  3.5    20.9  08:45   NE
12    15.8   21.8  15:51    9.3  06:36    4.9    0.0     0.0  6.6    30.6  10:40   E
13    16.5   23.0  15:37    8.6  06:21    4.5    0.0     0.0  3.6    25.7  12:15   ESE
14    18.1   24.5  16:18    9.5  06:40    2.4    0.0     0.0  3.0    22.5  11:50   SE
15    20.5   26.7  16:55   14.2  06:02    0.0    3.8     0.0  3.4    25.7  12:40   ESE
16    18.0   21.7  16:51   15.2  23:57    0.0    0.2     7.9  4.6    30.6  04:15   W
17    18.5   24.8  16:28   11.9  06:40    0.0    0.0     0.2  2.1    19.3  13:00   ESE
18    20.8   28.1  15:23   12.9  06:19    0.0    3.9     0.0  1.9    19.3  16:05   E
19    22.7   31.8  17:18   13.0  06:19    0.0    7.4     0.0  2.0    17.7  16:20   SE
20    25.2   35.4  18:14   15.7  04:29    0.0   12.9     0.0  2.4    19.3  09:55   WSW
21    23.9   31.4  16:14   17.3  07:05    0.0   10.8     5.7  3.3    64.4  00:50   ESE
22    24.0   29.3  14:24   19.6  23:59    0.0   11.0     0.0  5.3    32.2  10:10   WNW
23    20.1   26.1  15:33   16.1  03:22    0.0    5.0     5.1  2.2    35.4  02:35   S
24    20.2   25.6  11:31   16.7  06:50    0.0    5.0     2.4  5.6    53.1  02:17   SW
25    19.2   24.6  17:27   16.0  23:53    0.0    3.5    28.4  5.2    29.0  20:10   S
26    15.1   19.8  13:44   12.3  21:15    4.1    0.0    11.4 10.9    53.1  12:30   WSW
27    15.6   21.6  15:09   10.5  06:34    4.1    0.0     0.2  4.2    25.7  00:15   WSW
28    18.5   28.7  15:33    9.4  06:22    0.0    1.3     1.0  3.6    33.8  22:30   W
29    19.9   27.2  15:44   14.0  06:35    0.0    4.1     1.0  3.1    20.9  12:24   SSE
30    18.5   24.2  12:39   14.3  23:59    0.0    1.6    22.3  3.6    33.8  19:45   SW
31    11.9   14.3  00:00   10.6  23:57   10.6    0.0    20.5  5.9    22.5  01:55   SW
---------------------------------------------------------------------------------------
      19.1   35.4    20     8.6    13    36.8  102.6   149.5  3.8    64.4    21    SE

Max >=   32.2:  1
Max <=    0.0:  0
Min <=    0.0:  0
Min <=  -17.8:  0
Max Rain    :   28.4 mm ON 08/25/2012
Days of Rain: 15 (> 0.254 mm) 11 (> 2.54 mm) 1 (> 25.4 mm)



Please note the license to use and transfer of this data:
http://creativecommons.org/licenses/by-nc-sa/3.0/deed.en

Bitte beachten sie die Lizenz zur Verwertung und Weitergabe der Daten:
http://creativecommons.org/licenses/by-nc-sa/3.0/deed.de

zurück zur Übersicht der NOAA Aufstellungen

Cookies helfen bei der Bereitstellung von Inhalten. Durch die Nutzung dieser Seiten erklärst du dich damit einverstanden, dass Cookies auf deinem Rechner gespeichert werden. Weitere Information