NOAA klimatische Zusammenfassung

                   MONTHLY CLIMATOLOGICAL SUMMARY for DEC 2012


NAME: Wetterstation-Pliening  CITY: Pliening              STATE: Bayern              
ELEV:  504.1 m    LAT: 48.2 N    LONG: 11.8 E


                   TEMPERATURE (C), RAIN (mm), WIND SPEED (kph)

                                         HEAT   COOL         AVG
      MEAN                               DEG    DEG          WIND                  DOM
DAY   TEMP   HIGH  TIME    LOW   TIME    DAYS   DAYS   RAIN  SPEED   HIGH  TIME    DIR
---------------------------------------------------------------------------------------
01    -3.3   -2.4  01:39   -4.0  06:50   38.8    0.0     0.0  2.2    16.1  22:54   N
02    -1.7    0.1  14:19   -3.8  06:55   36.3    0.0     0.2  9.4    33.8  19:25   SW
03    -0.6    1.3  13:38   -1.4  05:43   33.1    0.0     1.0 11.1    35.4  02:30   SW
04     2.3    6.1  11:32    0.4  18:45   27.1    0.0     4.1 12.8    69.2  12:15   WSW
05     1.1    3.0  12:44   -0.1  23:56   30.3    0.0     0.4  9.5    37.0  13:30   WSW
06    -1.9   -0.1  00:00   -5.3  23:59   37.8    0.0     1.0  9.4    41.8  09:55   WSW
07    -5.5   -3.4  12:09   -8.7  05:48   43.8    0.0     0.0  3.7    22.5  13:55   SE
08    -4.9   -3.6  14:54   -6.5  07:29   42.1    0.0     0.0  2.8    22.5  23:40   NNE
09    -2.4   -0.8  23:33   -8.8  08:20   41.7    0.0     2.4 15.6    40.2  17:20   WSW
10    -0.1    1.3  11:14   -0.9  22:21   32.7    0.0     4.5 16.5    46.7  06:15   WSW
11    -3.0   -0.9  00:02   -4.7  23:55   38.0    0.0     3.3  8.8    27.4  11:05   W
12    -7.1   -2.3  13:28  -12.2  23:57   46.1    0.0     0.0  3.8    24.1  00:28   WSW
13    -8.1   -3.6  23:55  -14.0  05:41   48.8    0.0     0.0  2.2    17.7  16:30   SSE
14    -2.6    0.3  12:56   -5.1  08:01   37.2    0.0     0.0  2.3    17.7  09:10   ESE
15     1.9    5.0  16:55   -3.2  01:01   31.4    0.0     3.0  4.8    27.4  16:50   SW
16     4.0    6.3  14:07    2.2  22:55   25.3    0.0     1.8  7.9    37.0  07:58   SSW
17     3.8    5.9  15:04    2.2  04:12   25.6    0.0     7.9  7.0    30.6  20:45   SSW
18     3.0    5.6  13:58    1.1  23:59   27.0    0.0     0.0  7.1    32.2  13:00   WSW
19     1.7    4.5  11:54   -0.3  23:11   29.2    0.0     0.0  2.4    16.1  18:00   SW
20    -0.8    0.5  14:32   -1.9  09:13   34.3    0.0     0.6  5.5    24.1  11:05   ESE
21     2.3    4.4  14:52   -0.9  00:00   29.9    0.0     8.3  5.0    25.7  14:00   SSW
22     4.3    6.5  12:24    2.7  23:25   24.8    0.0     3.7  5.3    24.1  02:35   SSW
23     9.6   12.2  22:05    2.6  00:20   19.7    0.0    12.4 21.0    69.2  12:20   WSW
24     9.8   13.8  14:37    6.2  23:17   15.1    0.0     0.0  5.7    27.4  01:10   S
25     8.3   15.6  13:52    2.9  07:40   16.4    0.0     0.0  4.5    25.7  23:45   S
26     6.1    8.8  13:30    5.4  23:57   20.2    0.0     0.8 16.6    51.5  13:40   WSW
27     6.6    8.9  10:20    3.7  02:59   21.7    0.0     3.5 15.5    56.3  20:30   SW
28     3.2    5.7  01:42    0.3  23:00   27.6    0.0     6.5 10.1    49.9  02:41   W
29     2.5    7.6  13:36    0.2  23:52   25.9    0.0     0.0  3.4    19.3  09:20   SE
30     4.7    9.3  13:41    0.2  00:00   24.4    0.0     0.0 10.3    49.9  15:10   SW
31     2.7    7.3  14:05   -0.1  23:45   26.5    0.0     0.0  4.8    24.1  01:15   S
---------------------------------------------------------------------------------------
       1.2   15.6    25   -14.0    13   958.8    0.0    65.4  8.0    69.2     4    SW

Max >=   32.2:  0
Max <=    0.0:  8
Min <=    0.0:  18
Min <=  -17.8:  0
Max Rain    :   12.4 mm ON 12/23/2012
Days of Rain: 17 (> 0.254 mm) 10 (> 2.54 mm) 0 (> 25.4 mm)



Please note the license to use and transfer of this data:
http://creativecommons.org/licenses/by-nc-sa/3.0/deed.en

Bitte beachten sie die Lizenz zur Verwertung und Weitergabe der Daten:
http://creativecommons.org/licenses/by-nc-sa/3.0/deed.de

zurück zur Übersicht der NOAA Aufstellungen

Cookies helfen bei der Bereitstellung von Inhalten. Durch die Nutzung dieser Seiten erklärst du dich damit einverstanden, dass Cookies auf deinem Rechner gespeichert werden. Weitere Information