NOAA klimatische Zusammenfassung

                   MONTHLY CLIMATOLOGICAL SUMMARY for JAN 2013


NAME: Wetterstation-Pliening  CITY: Pliening              STATE: Bayern              
ELEV:  504.1 m    LAT: 48.2 N    LONG: 11.8 E


                   TEMPERATURE (C), RAIN (mm), WIND SPEED (kph)

                                         HEAT   COOL         AVG
      MEAN                               DEG    DEG          WIND                  DOM
DAY   TEMP   HIGH  TIME    LOW   TIME    DAYS   DAYS   RAIN  SPEED   HIGH  TIME    DIR
---------------------------------------------------------------------------------------
01     2.6    7.5  12:45   -2.3  06:41   28.3    0.0     0.0  6.3    30.6  12:44   SSW
02     2.1    4.5  12:38   -1.5  23:59   30.3    0.0     0.8  6.1    32.2  04:45   WSW
03     1.4    4.7  21:11   -2.7  04:12   31.1    0.0     2.2  8.9    40.2  14:40   SW
04     5.7    6.6  18:16    4.3  01:34   23.2    0.0     5.3 14.6    40.2  23:45   WSW
05     5.2    6.6  00:32    3.7  21:23   23.8    0.0    17.1 17.0    43.5  03:45   W
06     4.1    4.4  23:51    3.8  12:13   25.6    0.0     1.6 15.4    41.8  12:45   W
07     4.4    5.4  14:12    2.4  23:55   25.9    0.0     0.4  7.7    38.6  01:15   WSW
08     3.3    5.2  11:57    1.6  05:24   26.9    0.0     0.0  3.5    20.9  11:55   SSW
09     2.6    5.1  14:24    0.7  22:35   27.8    0.0     0.4  1.9    19.3  21:45   SW
10     1.8    3.5  15:23    0.1  02:53   29.8    0.0     1.8  8.5    30.6  19:45   WSW
11    -0.2    1.2  00:00   -2.0  19:24   33.7    0.0     0.0  6.8    29.0  14:10   WNW
12    -2.5   -1.1  04:10   -3.7  21:31   37.2    0.0     3.0  2.4    17.7  01:10   NNE
13    -3.3   -2.6  14:37   -4.0  23:37   38.9    0.0     0.0  3.3    16.1  14:10   E
14    -2.8   -1.6  14:19   -3.9  00:00   38.0    0.0     0.0  1.8    17.7  02:33   ENE
15    -3.0   -1.9  13:45   -4.9  06:36   39.2    0.0     0.0  2.6    22.5  07:55   ESE
16    -3.3   -1.1  12:04   -5.8  06:49   39.2    0.0     2.8  3.3    20.9  16:45   WSW
17    -4.9   -4.7  12:27   -5.5  01:11   42.2    0.0     8.7  8.0    24.1  11:55   W
18    -4.6   -3.7  14:12   -5.8  23:10   41.5    0.0     0.6  2.3    19.3  23:00   W
19    -5.9   -4.3  14:15   -6.8  04:25   43.0    0.0     0.0  4.6    24.1  07:30   E
20    -5.6   -3.9  17:59   -7.1  01:55   43.0    0.0     0.0  3.1    17.7  13:00   ENE
21    -3.0   -0.9  15:04   -5.8  00:18   39.0    0.0     3.3  1.7    16.1  03:13   W
22    -0.1    3.4  14:26   -3.6  23:38   33.2    0.0     0.2  3.7    27.4  14:15   SSW
23    -4.0    2.0  14:35   -8.2  21:55   38.5    0.0     0.0  1.3     9.7  00:36   S
24    -5.3   -3.2  23:55   -7.8  00:29   42.9    0.0     0.0  0.3     8.0  23:50   NNE
25    -4.5   -3.1  00:03   -5.7  23:54   40.9    0.0     0.0  2.6    16.1  08:00   NW
26    -6.5   -4.4  14:32   -9.9  20:36   45.8    0.0     0.0  4.4    24.1  04:25   ENE
27    -1.7    2.2  13:42   -8.8  00:00   39.0    0.0     0.6  3.8    16.1  03:20   S
28     1.2    3.3  15:08   -1.2  21:58   31.1    0.0     1.8  5.0    20.9  04:15   SW
29     3.6    6.7  22:04   -0.4  00:00   27.4    0.0    11.4 18.4    56.3  13:28   SW
30    10.6   14.7  14:02    6.4  00:00   14.0    0.0     2.6 24.0    66.0  19:15   WSW
31     7.1    9.9  13:31    4.2  23:55   20.3    0.0     3.5 22.9    74.0  19:40   WSW
---------------------------------------------------------------------------------------
      -0.2   14.7    30    -9.9    26   1040.6    0.0    68.3  7.0    74.0    31    WSW

Max >=   32.2:  0
Max <=    0.0:  13
Min <=    0.0:  22
Min <=  -17.8:  0
Max Rain    :   17.1 mm ON 01/05/2013
Days of Rain: 18 (> 0.254 mm) 9 (> 2.54 mm) 0 (> 25.4 mm)



Please note the license to use and transfer of this data:
http://creativecommons.org/licenses/by-nc-sa/3.0/deed.en

Bitte beachten sie die Lizenz zur Verwertung und Weitergabe der Daten:
http://creativecommons.org/licenses/by-nc-sa/3.0/deed.de

zurück zur Übersicht der NOAA Aufstellungen

Cookies helfen bei der Bereitstellung von Inhalten. Durch die Nutzung dieser Seiten erklärst du dich damit einverstanden, dass Cookies auf deinem Rechner gespeichert werden. Weitere Information