NOAA klimatische Zusammenfassung

                   MONTHLY CLIMATOLOGICAL SUMMARY for MAR 2013


NAME: Wetterstation-Pliening  CITY: Pliening              STATE: Bayern              
ELEV:  504.1 m    LAT: 48.2 N    LONG: 11.8 E


                   TEMPERATURE (C), RAIN (mm), WIND SPEED (kph)

                                         HEAT   COOL         AVG
      MEAN                               DEG    DEG          WIND                  DOM
DAY   TEMP   HIGH  TIME    LOW   TIME    DAYS   DAYS   RAIN  SPEED   HIGH  TIME    DIR
---------------------------------------------------------------------------------------
01    -0.3    0.4  12:00   -1.0  07:15   33.5    0.0     0.0  1.0     9.7  00:00   NNW
02    -1.8    2.7  14:45   -4.0  23:54   34.2    0.0     0.0  1.5    20.9  10:00   SW
03    -1.4    3.2  14:37   -5.4  03:00   35.0    0.0     0.0  1.4    11.3  15:15   SSW
04    -0.9    4.8  15:04   -6.6  07:29   34.6    0.0     0.0  3.0    22.5  12:20   E
05     1.0    8.1  16:05   -5.7  07:02   30.8    0.0     0.0  1.5    14.5  12:10   ESE
06     4.1   10.1  16:32   -1.1  06:13   24.9    0.0     0.0  1.6    14.5  12:00   ESE
07     6.4   14.8  15:35    1.6  06:52   18.3    0.0     0.0  1.5    14.5  10:10   SSW
08     8.5   15.6  15:34    1.7  06:58   17.5    0.0     0.0  3.5    22.5  13:44   NE
09     8.9   12.8  15:02    6.9  04:52   15.2    0.0     1.4  5.1    22.5  01:05   SW
10     6.8   11.6  16:09    3.9  23:17   19.1    0.0     2.4  3.9    41.8  16:37   SSW
11     5.2    6.6  15:45    3.3  23:55   24.2    0.0     0.0  2.5    17.7  15:35   NE
12     3.7    5.6  15:45    2.1  01:35   26.1    0.0     0.0  2.3    16.1  19:50   E
13    -1.4    3.7  00:15   -3.9  23:22   33.2    0.0     0.2  7.3    27.4  21:35   NW
14    -3.7   -1.8  15:09   -6.3  07:11   40.3    0.0     0.0  8.8    30.6  06:10   WNW
15    -3.4   -0.9  14:20   -5.4  23:56   38.8    0.0     0.0  6.3    27.4  13:34   WNW
16    -1.4    5.4  15:55   -7.5  06:07   34.9    0.0     0.0  7.5    30.6  19:35   SE
17     2.2    8.6  14:23   -4.1  06:02   29.0    0.0     0.0  6.0    29.0  16:55   ESE
18     2.3    5.2  02:14    0.1  19:09   28.2    0.0     4.7  5.2    33.8  23:10   NW
19     3.8    8.3  15:55    0.4  23:47   25.2    0.0     0.4 15.3    51.5  12:12   WSW
20     4.7   12.6  14:55   -0.8  06:27   22.5    0.0     0.0  8.3    49.9  15:55   SSW
21     2.4    5.1  15:05   -0.2  23:25   28.6    0.0     0.8 10.5    46.7  04:00   WNW
22     1.9    6.6  15:30   -1.3  05:54   28.2    0.0     0.0  6.2    24.1  12:42   ENE
23    -1.6    0.4  14:25   -2.6  06:02   35.0    0.0     0.0 10.9    35.4  17:55   E
24    -3.5   -2.2  00:00   -4.3  07:00   38.8    0.0     0.0 11.2    33.8  08:30   E
25    -3.5   -3.4  02:00   -3.6  00:40   39.3    0.0     0.0  8.6    24.1  00:25   ENE
26    -5.8   -3.8  13:25   -6.3  23:54   42.2    0.0     0.0  2.8    22.5  06:50   NE
27    -3.7   -0.9  15:51   -7.3  02:33   40.3    0.0     0.0  3.1    16.1  07:25   ENE
28    -0.7    3.8  16:36   -6.8  04:26   35.7    0.0     1.0  2.5    17.7  13:00   E
29     1.9    4.3  16:16   -0.3  08:25   29.5    0.0     3.7  4.4    24.1  02:59   WSW
30     2.2    4.9  14:31    0.2  05:32   28.4    0.0     2.6  3.3    22.5  20:55   ENE
31    -0.3    0.8  15:02   -1.4  09:27   33.5    0.0     3.5  3.7    24.1  17:20   NNW
---------------------------------------------------------------------------------------
       1.1   15.6     8    -7.5    16   944.8    0.0    20.7  5.2    51.5    19    E

Max >=   32.2:  0
Max <=    0.0:  6
Min <=    0.0:  22
Min <=  -17.8:  0
Max Rain    :    4.7 mm ON 03/18/2013
Days of Rain: 9 (> 0.254 mm) 4 (> 2.54 mm) 0 (> 25.4 mm)



Please note the license to use and transfer of this data:
http://creativecommons.org/licenses/by-nc-sa/3.0/deed.en

Bitte beachten sie die Lizenz zur Verwertung und Weitergabe der Daten:
http://creativecommons.org/licenses/by-nc-sa/3.0/deed.de

zurück zur Übersicht der NOAA Aufstellungen

Cookies helfen bei der Bereitstellung von Inhalten. Durch die Nutzung dieser Seiten erklärst du dich damit einverstanden, dass Cookies auf deinem Rechner gespeichert werden. Weitere Information