NOAA klimatische Zusammenfassung

                   MONTHLY CLIMATOLOGICAL SUMMARY for MAY 2013


NAME: Wetterstation-Pliening  CITY: Pliening              STATE: Bayern              
ELEV:  504.1 m    LAT: 48.2 N    LONG: 11.8 E


                   TEMPERATURE (C), RAIN (mm), WIND SPEED (kph)

                                         HEAT   COOL         AVG
      MEAN                               DEG    DEG          WIND                  DOM
DAY   TEMP   HIGH  TIME    LOW   TIME    DAYS   DAYS   RAIN  SPEED   HIGH  TIME    DIR
---------------------------------------------------------------------------------------
01    14.7   21.6  17:21    9.4  07:21    5.1    0.0     0.0  4.9    22.5  12:21   NNE
02    13.3   16.4  18:08   11.5  05:48    7.9    0.0     3.5  2.2    20.9  15:20   NW
03    12.2   14.5  15:10   10.5  06:00   10.5    0.0     2.4  3.9    32.2  17:50   WSW
04    12.8   18.2  15:24    9.2  03:34    8.4    0.0     1.8  6.9    35.4  18:30   WSW
05    13.4   18.6  16:30    8.2  06:30    8.9    0.0     0.0  3.6    24.1  16:45   ENE
06    14.0   20.7  17:15    7.0  05:55    8.1    0.0     4.1  1.6    20.9  15:25   NE
07    14.5   17.6  17:40   12.4  01:59    6.0    0.0     0.2  3.5    22.5  09:25   WSW
08    16.5   22.3  16:28   11.2  05:59    2.9    0.0     0.4  2.1    19.3  15:40   ESE
09    17.0   22.8  17:33   11.7  05:11    2.0    0.0     0.8  2.5    22.5  13:40   SSE
10    11.9   15.2  00:00    9.1  23:57   11.1    0.0    18.7  4.3    29.0  00:44   W
11     9.8   11.7  14:36    8.7  05:38   14.6    0.0     3.9  3.2    22.5  17:45   WSW
12     8.8   14.3  11:39    5.2  23:57   15.5    0.0     4.9  7.9    48.3  12:10   WSW
13     8.3   11.6  18:56    4.1  02:19   19.0    0.0     1.6  7.3    37.0  12:05   SW
14    13.3   18.5  16:32    7.7  05:44    9.4    0.0     0.0  3.7    22.5  17:00   SSE
15    16.7   24.6  18:04    7.1  06:02    4.4    0.0     0.0  2.5    20.9  18:17   SE
16    15.6   22.0  18:38    8.6  05:53    5.5    0.0     0.0  6.1    30.6  12:50   ESE
17    14.6   19.5  12:44   11.1  23:47    5.5    0.0     6.3  4.8    35.4  13:15   WNW
18    14.2   19.7  16:14    9.7  06:28    6.5    0.0     0.2  4.3    27.4  17:30   W
19    12.7   21.5  10:39    7.7  23:38    6.7    0.0     0.2  6.6    43.5  14:25   WSW
20    11.6   17.0  15:01    6.2  05:36   12.2    0.0     0.2  7.0    37.0  08:15   SW
21    10.5   18.7  14:09    6.1  05:45   10.7    0.0    11.4  4.2    37.0  14:55   S
22     9.2   12.3  11:01    6.8  22:31   15.8    0.0     2.2  9.8    48.3  15:46   WSW
23     8.2   13.3  17:19    5.1  06:23   16.5    0.0     0.8  4.5    35.4  20:35   W
24     5.9    9.6  16:31    3.8  06:14   21.0    0.0     0.8  4.6    24.1  00:30   NW
25     6.4   10.4  14:18    3.4  04:27   20.6    0.0     0.2  1.7    19.3  23:55   WSW
26     5.7    7.7  12:15    4.7  04:09   21.8    0.0    11.8 16.0    49.9  19:30   WSW
27     8.1   12.1  16:57    4.9  01:04   17.7    0.0     4.5 13.1    48.3  01:20   WSW
28    12.4   19.5  17:56    3.2  04:38   12.6    0.0     0.2  1.3    17.7  14:20   SSE
29     8.9   12.9  00:00    6.6  09:24   15.4    0.0     5.3  7.9    41.8  10:35   WSW
30     8.8   11.2  12:51    7.2  05:36   16.5    0.0    10.8  4.1    30.6  19:50   W
31     7.4    8.9  23:46    6.6  07:10   19.1    0.0    28.0 17.2    51.5  09:45   WSW
---------------------------------------------------------------------------------------
      11.5   24.6    15     3.2    28   357.8    0.0   125.2  5.6    51.5    31    WSW

Max >=   32.2:  0
Max <=    0.0:  0
Min <=    0.0:  0
Min <=  -17.8:  0
Max Rain    :   28.0 mm ON 05/31/2013
Days of Rain: 20 (> 0.254 mm) 12 (> 2.54 mm) 1 (> 25.4 mm)



Please note the license to use and transfer of this data:
http://creativecommons.org/licenses/by-nc-sa/3.0/deed.en

Bitte beachten sie die Lizenz zur Verwertung und Weitergabe der Daten:
http://creativecommons.org/licenses/by-nc-sa/3.0/deed.de

zurück zur Übersicht der NOAA Aufstellungen

Cookies helfen bei der Bereitstellung von Inhalten. Durch die Nutzung dieser Seiten erklärst du dich damit einverstanden, dass Cookies auf deinem Rechner gespeichert werden. Weitere Information