NOAA klimatische Zusammenfassung

                   MONTHLY CLIMATOLOGICAL SUMMARY for JUN 2013


NAME: Wetterstation-Pliening  CITY: Pliening              STATE: Bayern              
ELEV:  504.1 m    LAT: 48.2 N    LONG: 11.8 E


                   TEMPERATURE (C), RAIN (mm), WIND SPEED (kph)

                                         HEAT   COOL         AVG
      MEAN                               DEG    DEG          WIND                  DOM
DAY   TEMP   HIGH  TIME    LOW   TIME    DAYS   DAYS   RAIN  SPEED   HIGH  TIME    DIR
---------------------------------------------------------------------------------------
01    10.7   13.9  12:58    7.6  05:31   13.7    0.0     7.5  7.3    49.9  23:30   W
02     8.6   11.3  00:01    6.5  23:46   17.0    0.0    43.1 14.1    48.3  08:30   W
03     6.2    7.4  13:18    5.3  23:23   21.5    0.0     5.7  6.5    29.0  13:25   W
04     9.6   15.9  17:27    5.1  01:13   14.1    0.0     0.8  2.1    17.7  00:33   SW
05    14.4   20.3  16:34    8.2  05:39    7.3    0.0     0.0  3.4    22.5  11:25   ESE
06    15.5   22.0  16:01    7.1  05:53    6.8    0.0     0.0  2.8    20.9  11:55   E
07    16.3   21.9  16:29    9.8  05:53    4.5    0.0     0.0  2.1    20.9  13:22   ENE
08    18.3   24.4  17:02   10.6  04:59    1.5    0.0     1.4  2.4    22.5  14:45   E
09    17.8   24.4  15:18   13.4  05:27    0.0    1.1     1.6  4.3    29.0  10:08   SW
10    13.8   16.1  15:36   12.3  08:05    7.5    0.0     3.3  7.6    35.4  14:35   WSW
11    14.2   19.1  16:56   10.7  04:24    6.2    0.0     4.1  2.1    20.9  03:10   WSW
12    16.8   23.1  17:47   11.1  05:37    2.2    0.0     0.0  1.3    17.7  11:00   WSW
13    19.6   27.0  15:36   10.4  05:31    0.0    0.7     0.0  1.9    19.3  15:10   SE
14    14.7   17.9  00:00   11.3  08:47    6.6    0.0     3.9  4.7    53.1  02:19   NNW
15    19.2   26.8  16:35   11.6  06:06    0.0    1.6     2.6  3.2    27.4  14:05   WSW
16    20.3   27.2  17:25   14.5  05:54    0.0    4.5     0.2  1.1    16.1  00:00   ENE
17    24.9   32.9  15:42   16.4  05:56    0.0   11.3     0.0  2.6    19.3  12:10   ESE
18    26.1   34.4  14:29   17.9  05:37    0.0   14.1     0.0  3.5    27.4  15:35   E
19    27.0   33.9  15:04   17.8  05:36    0.0   13.5     0.0  3.4    19.3  00:02   E
20    25.6   33.4  14:17   18.0  23:31    0.0   13.3     0.0  2.2    41.8  19:33   SW
21    19.8   24.6  17:42   14.8  03:39    0.0    2.4     0.8  4.2    45.1  01:35   W
22    17.0   20.7  19:07   14.3  08:25    1.4    0.0     2.2  1.7    19.3  11:35   NW
23    15.6   21.0  15:21   11.2  23:53    4.0    0.0    13.8  5.9    29.0  13:05   WSW
24    11.8   14.9  15:33   10.4  02:10   10.2    0.0    13.2  5.3    30.6  22:56   SSW
25    12.0   15.7  14:16   10.0  05:45    9.9    0.0     1.0  8.9    32.2  08:40   W
26    11.2   15.3  17:10    8.7  06:20   11.4    0.0     0.4  6.8    29.0  11:30   WNW
27    10.8   15.5  11:50    7.7  01:39   12.1    0.0     5.3  1.2    29.0  15:45   S
28    12.0   17.7  17:53    8.9  00:05    9.0    0.0     1.6  1.8    25.7  15:35   SW
29    11.5   15.4  11:20    7.7  04:27   12.2    0.0     4.9  7.5    33.8  10:50   SW
30    14.2   19.7  18:00   10.1  05:46    6.2    0.0     1.0  4.1    25.7  13:35   WNW
---------------------------------------------------------------------------------------
      15.8   34.4    18     5.1     4   185.6   62.5   118.5  4.2    53.1    14    WSW

Max >=   32.2:  4
Max <=    0.0:  0
Min <=    0.0:  0
Min <=  -17.8:  0
Max Rain    :   43.1 mm ON 06/02/2013
Days of Rain: 20 (> 0.254 mm) 11 (> 2.54 mm) 1 (> 25.4 mm)



Please note the license to use and transfer of this data:
http://creativecommons.org/licenses/by-nc-sa/3.0/deed.en

Bitte beachten sie die Lizenz zur Verwertung und Weitergabe der Daten:
http://creativecommons.org/licenses/by-nc-sa/3.0/deed.de

zurück zur Übersicht der NOAA Aufstellungen

Cookies helfen bei der Bereitstellung von Inhalten. Durch die Nutzung dieser Seiten erklärst du dich damit einverstanden, dass Cookies auf deinem Rechner gespeichert werden. Weitere Information