NOAA klimatische Zusammenfassung

                   MONTHLY CLIMATOLOGICAL SUMMARY for JUL 2013


NAME: Wetterstation-Pliening  CITY: Pliening              STATE: Bayern              
ELEV:  504.1 m    LAT: 48.2 N    LONG: 11.8 E


                   TEMPERATURE (C), RAIN (mm), WIND SPEED (kph)

                                         HEAT   COOL         AVG
      MEAN                               DEG    DEG          WIND                  DOM
DAY   TEMP   HIGH  TIME    LOW   TIME    DAYS   DAYS   RAIN  SPEED   HIGH  TIME    DIR
---------------------------------------------------------------------------------------
01    17.2   23.4  15:52   11.3  06:05    1.7    0.0     0.0  0.9    14.5  10:30   NE
02    20.1   27.5  16:55   11.8  03:14    0.0    2.3     0.0  2.0    29.0  23:53   SE
03    18.2   23.6  11:04   15.4  05:58    0.0    2.1     1.4  4.4    29.0  00:00   WSW
04    18.2   24.8  16:19   14.8  05:00    0.0    2.7     5.9  1.2    20.9  17:31   SW
05    19.0   24.7  16:55   15.4  05:58    0.0    3.1     0.0  1.2    20.9  14:30   WNW
06    18.8   23.7  17:54   13.1  05:20    0.0    0.1     0.0  3.3    24.1  09:45   ENE
07    19.9   25.1  15:13   14.0  06:05    0.0    2.2     0.0  4.4    27.4  13:35   ENE
08    20.0   24.8  15:37   14.4  05:57    0.0    2.3     0.0  4.0    30.6  16:05   ENE
09    20.4   25.9  16:35   13.9  06:07    0.0    2.9     0.0  3.6    29.0  10:35   NE
10    21.5   27.8  16:52   15.0  04:51    0.0    5.6     0.0  0.8    22.5  15:10   N
11    18.0   22.8  17:01   14.9  23:58    0.0    0.9     0.0  1.7    22.5  16:25   NW
12    16.8   22.8  17:17   10.3  05:54    3.2    0.0     0.0  1.4    20.9  14:15   NNE
13    18.0   24.9  16:42   10.3  04:30    1.2    0.0     0.0  0.7    17.7  15:51   N
14    19.3   26.3  17:22   11.6  05:43    0.0    1.1     0.0  0.8    17.7  15:55   NW
15    19.8   25.9  17:05   13.4  05:32    0.0    2.4     0.0  2.7    30.6  16:28   WSW
16    19.3   25.9  16:24   10.9  05:55    0.0    0.1     0.0  2.3    24.1  16:40   ENE
17    20.2   27.8  16:44   11.1  05:28    0.0    2.1     0.0  2.1    22.5  12:22   NE
18    21.9   28.2  15:28   14.1  06:04    0.0    5.1     0.0  4.1    27.4  12:25   NE
19    22.0   28.5  16:51   15.1  05:43    0.0    6.2     0.0  2.8    27.4  16:55   NE
20    21.7   28.4  15:09   14.6  05:30    0.0    5.7     0.0  2.3    24.1  15:10   NE
21    21.8   28.1  16:30   14.2  05:55    0.0    5.1     0.0  3.5    27.4  14:00   ENE
22    22.0   30.4  16:44   13.1  04:58    0.0    6.1     0.0  1.7    24.1  12:05   NE
23    23.8   31.8  16:38   15.2  05:43    0.0    9.2     0.0  1.6    19.3  13:10   NE
24    22.5   30.1  14:28   18.1  06:15    0.0   10.3     3.7  2.0    43.5  16:20   WSW
25    22.4   30.5  15:50   16.2  06:12    0.0    9.1     0.2  1.4    30.6  17:05   SSW
26    24.5   31.2  15:53   17.2  05:43    0.0   10.6     0.0  1.5    17.7  16:05   SSE
27    27.0   35.3  16:05   17.7  05:21    0.0   14.7     0.0  2.0    22.5  16:20   ESE
28    26.6   35.1  16:39   18.9  04:35    0.0   15.6     1.4  6.0    51.5  20:50   SE
29    18.9   24.6  14:12   14.2  20:33    0.0    1.9    18.1  5.0    48.3  18:55   W
30    18.6   24.2  16:27   14.2  05:21    0.0    1.6     1.4  5.2    41.8  13:20   WSW
31    21.8   27.7  17:13   17.6  23:59    0.0    7.7     0.0  6.2    33.8  10:35   WSW
---------------------------------------------------------------------------------------
      20.7   35.3    27    10.3    12     6.1  138.7    32.1  2.7    51.5    28    NE

Max >=   32.2:  2
Max <=    0.0:  0
Min <=    0.0:  0
Min <=  -17.8:  0
Max Rain    :   18.1 mm ON 07/29/2013
Days of Rain: 6 (> 0.254 mm) 3 (> 2.54 mm) 0 (> 25.4 mm)



Please note the license to use and transfer of this data:
http://creativecommons.org/licenses/by-nc-sa/3.0/deed.en

Bitte beachten sie die Lizenz zur Verwertung und Weitergabe der Daten:
http://creativecommons.org/licenses/by-nc-sa/3.0/deed.de

zurück zur Übersicht der NOAA Aufstellungen

Cookies helfen bei der Bereitstellung von Inhalten. Durch die Nutzung dieser Seiten erklärst du dich damit einverstanden, dass Cookies auf deinem Rechner gespeichert werden. Weitere Information