NOAA klimatische Zusammenfassung

                   MONTHLY CLIMATOLOGICAL SUMMARY for DEC 2013


NAME: Wetterstation-Pliening  CITY: Pliening              STATE: Bayern              
ELEV:  504.1 m    LAT: 48.2 N    LONG: 11.8 E


                   TEMPERATURE (C), RAIN (mm), WIND SPEED (kph)

                                         HEAT   COOL         AVG
      MEAN                               DEG    DEG          WIND                  DOM
DAY   TEMP   HIGH  TIME    LOW   TIME    DAYS   DAYS   RAIN  SPEED   HIGH  TIME    DIR
---------------------------------------------------------------------------------------
01     1.0    4.2  13:01   -1.7  08:31   30.7    0.0     0.0  0.7     9.7  23:40   SSE
02     0.6    4.1  14:03   -0.9  22:43   30.2    0.0     0.0  3.8    32.2  13:30   ESE
03    -1.7    1.9  13:55   -4.6  07:47   35.3    0.0     0.2  0.6    17.7  00:30   SE
04    -1.5    2.9  12:55   -5.3  07:16   35.2    0.0     0.0  3.4    25.7  13:10   SW
05     2.4    4.9  21:43    0.4  05:42   28.2    0.0     0.2 10.8    57.9  19:50   WSW
06     0.9    5.1  01:01   -0.9  16:16   29.2    0.0     3.0 24.8    64.4  02:15   W
07     1.2    3.2  18:31   -0.9  02:28   31.0    0.0     0.8 17.0    53.1  02:00   W
08     2.9    6.6  14:08    1.2  21:11   25.9    0.0     0.2  7.7    25.7  00:55   SW
09     3.8    6.3  13:40    1.3  03:31   26.2    0.0     1.0  7.9    37.0  12:00   SW
10     4.2    8.4  13:03    1.1  08:23   24.5    0.0     0.0  2.3    20.9  13:50   S
11     2.4    3.4  00:00    0.7  23:56   29.2    0.0     0.2  1.3    11.3  07:10   SE
12     0.5    1.2  15:08   -0.1  02:39   32.1    0.0     0.0  1.1    16.1  02:20   ESE
13    -1.4    0.6  13:52   -2.8  07:59   35.0    0.0     0.0  0.9    11.3  17:10   SSW
14    -0.4    5.1  14:18   -5.4  07:59   33.3    0.0     2.4  4.4    32.2  15:10   SW
15    -0.2    3.6  14:48   -2.9  08:36   32.3    0.0     0.2  1.0    14.5  02:25   S
16     0.5    9.4  13:56   -3.7  06:29   27.8    0.0     0.2  1.0    14.5  02:30   SSE
17     0.2    6.8  14:10   -3.3  08:36   29.8    0.0     0.0  0.5     9.7  07:05   SE
18    -2.3    1.1  15:40   -5.2  07:28   36.8    0.0     0.2  0.2     9.7  03:05   SSE
19    -1.7    1.7  19:10   -5.4  03:35   36.3    0.0     0.0  2.2    17.7  06:55   SE
20     2.5    3.8  14:45   -2.8  05:15   32.0    0.0     0.8  3.8    20.9  10:50   SW
21    -0.7    2.3  13:29   -3.3  07:52   34.0    0.0     0.2  1.2    16.1  18:25   S
22     4.8   10.9  12:58   -0.7  04:15   23.8    0.0     0.2  4.9    17.7  13:10   S
23     6.4   12.2  14:10    1.2  22:39   21.0    0.0     0.0  4.9    29.0  01:30   S
24     5.1   12.7  13:23    0.2  02:28   21.4    0.0     0.0  2.2    16.1  17:45   SSE
25     8.4   15.3  13:17    4.2  20:11   15.5    0.0     0.0  5.3    33.8  12:33   SSE
26     2.4    4.5  14:42    0.6  08:17   28.5    0.0     2.2  8.1    37.0  20:50   WSW
27     2.7    7.6  14:18    0.2  07:59   26.1    0.0     0.0  4.2    29.0  00:00   S
28     2.4    9.4  12:49   -0.8  07:04   25.2    0.0     0.2  2.6    25.7  23:35   S
29     3.6    5.7  14:54   -0.8  23:37   28.5    0.0     0.2  7.3    38.6  03:35   SW
30    -0.2    4.8  13:36   -3.2  23:37   31.6    0.0     0.0  1.5    17.7  12:42   SE
31    -3.2    1.9  13:08   -6.2  08:15   36.9    0.0     0.2  0.7     9.7  12:25   SSE
---------------------------------------------------------------------------------------
       1.5   15.3    25    -6.2    31   913.5    0.0    12.8  4.5    64.4     6    S

Max >=   32.2:  0
Max <=    0.0:  0
Min <=    0.0:  21
Min <=  -17.8:  0
Max Rain    :    3.0 mm ON 12/06/2013
Days of Rain: 6 (> 0.254 mm) 1 (> 2.54 mm) 0 (> 25.4 mm)



Please note the license to use and transfer of this data:
http://creativecommons.org/licenses/by-nc-sa/3.0/deed.en

Bitte beachten sie die Lizenz zur Verwertung und Weitergabe der Daten:
http://creativecommons.org/licenses/by-nc-sa/3.0/deed.de

zurück zur Übersicht der NOAA Aufstellungen

Cookies helfen bei der Bereitstellung von Inhalten. Durch die Nutzung dieser Seiten erklärst du dich damit einverstanden, dass Cookies auf deinem Rechner gespeichert werden. Weitere Information