NOAA klimatische Zusammenfassung

                   MONTHLY CLIMATOLOGICAL SUMMARY for MAR 2014


NAME: Wetterstation-Pliening  CITY: Pliening              STATE: Bayern              
ELEV:  504.1 m    LAT: 48.2 N    LONG: 11.8 E


                   TEMPERATURE (C), RAIN (mm), WIND SPEED (kph)

                                         HEAT   COOL         AVG
      MEAN                               DEG    DEG          WIND                  DOM
DAY   TEMP   HIGH  TIME    LOW   TIME    DAYS   DAYS   RAIN  SPEED   HIGH  TIME    DIR
---------------------------------------------------------------------------------------
01     2.7    7.0  13:13   -1.2  05:12   27.8    0.0     0.0  1.8    20.9  15:45   WNW
02     3.9    6.1  15:46    0.1  23:58   27.5    0.0     0.0  2.1    17.7  09:25   W
03     3.2   10.2  14:31   -2.5  07:27   26.0    0.0     0.0  2.1    22.5  14:19   W
04     4.5    7.4  14:10    2.0  03:32   24.5    0.0     0.0  2.0    22.5  15:05   W
05     4.7    9.5  14:52    2.8  23:44   22.0    0.0     0.6  4.0    32.2  15:48   WSW
06     3.8    8.3  13:53   -0.6  07:21   26.0    0.0     0.0  1.2    16.1  14:35   E
07     4.6   11.4  15:10   -0.7  06:51   23.3    0.0     0.0  1.1    11.3  00:35   N
08     6.1   12.9  14:11    1.1  07:27   20.3    0.0     0.0  1.7    19.3  13:55   E
09     6.5   14.1  15:42   -0.6  05:44   20.8    0.0     0.0  3.5    29.0  11:33   ESE
10     6.0   12.8  16:17   -0.3  06:25   21.8    0.0     0.0  2.7    24.1  11:55   ENE
11     5.3   12.9  15:45   -1.8  07:00   23.0    0.0     0.0  3.5    33.8  12:30   ENE
12     7.1   15.9  15:11   -0.4  06:46   19.1    0.0     0.0  2.8    25.7  13:00   ENE
13     7.0   15.7  15:32   -0.5  06:20   19.3    0.0     0.0  0.3    16.1  04:40   ENE
14     9.2   18.5  15:45    1.8  06:04   14.7    0.0     0.0  1.8    14.5  04:11   SSW
15     7.7   12.5  10:22    4.4  18:45   17.8    0.0     0.0 17.2    64.4  10:53   WSW
16     8.4   11.8  18:13    5.0  01:16   17.8    0.0     0.0 20.8    57.9  12:40   WSW
17    11.7   18.7  15:35    6.6  23:59   10.2    0.0     0.0  9.9    38.6  12:20   W
18    11.3   20.2  15:11    3.8  05:41   11.4    0.0     0.0  5.3    33.8  15:25   SW
19     9.7   13.4  13:21    5.7  23:57   15.8    0.0     0.0 16.4    48.3  01:20   WSW
20    11.3   21.6  16:49    2.4  05:20   11.3    0.0     0.0  3.4    29.0  13:25   SE
21    13.3   22.3  14:36    5.6  06:32    7.9    0.0     0.0  3.1    33.8  17:40   SSW
22    10.2   19.0  13:04    4.8  23:55   11.6    0.0     2.8  6.4    46.7  13:50   SSW
23     3.1    4.9  00:00    1.7  23:58   27.1    0.0    11.2  5.0    25.7  02:40   W
24     2.7    6.6  16:05    1.3  21:27   25.8    0.0     2.6  7.2    32.2  12:22   WSW
25     2.3    6.1  13:44   -0.3  22:00   27.8    0.0     0.0  1.9    25.7  14:05   NW
26     3.6   10.5  16:27   -2.0  06:13   25.3    0.0     0.0  4.0    27.4  13:21   ENE
27     6.3   13.8  14:12   -1.4  06:18   21.8    0.0     0.0  3.6    29.0  16:25   ENE
28     8.3   15.3  15:14    1.2  06:21   18.2    0.0     0.0  2.1    22.5  12:55   E
29     9.1   17.0  14:30    1.3  06:32   16.5    0.0     0.0  2.5    24.1  11:15   E
30    10.9   21.0  16:18    1.3  07:30   12.9    0.0     0.0  0.6    16.1  13:35   ESE
31    11.3   19.2  14:46    4.1  07:00   12.1    0.0     0.0  1.8    19.3  13:20   W
---------------------------------------------------------------------------------------
       7.0   22.3    21    -2.5     3   607.6    0.0    17.3  4.6    64.4    15    WSW

Max >=   32.2:  0
Max <=    0.0:  0
Min <=    0.0:  12
Min <=  -17.8:  0
Max Rain    :   11.2 mm ON 03/23/2014
Days of Rain: 4 (> 0.254 mm) 3 (> 2.54 mm) 0 (> 25.4 mm)



Please note the license to use and transfer of this data:
http://creativecommons.org/licenses/by-nc-sa/3.0/deed.en

Bitte beachten sie die Lizenz zur Verwertung und Weitergabe der Daten:
http://creativecommons.org/licenses/by-nc-sa/3.0/deed.de

zurück zur Übersicht der NOAA Aufstellungen

Cookies helfen bei der Bereitstellung von Inhalten. Durch die Nutzung dieser Seiten erklärst du dich damit einverstanden, dass Cookies auf deinem Rechner gespeichert werden. Weitere Information