NOAA klimatische Zusammenfassung

                   MONTHLY CLIMATOLOGICAL SUMMARY for MAY 2014


NAME: Wetterstation-Pliening  CITY: Pliening              STATE: Bayern              
ELEV:  504.1 m    LAT: 48.2 N    LONG: 11.8 E


                   TEMPERATURE (C), RAIN (mm), WIND SPEED (kph)

                                         HEAT   COOL         AVG
      MEAN                               DEG    DEG          WIND                  DOM
DAY   TEMP   HIGH  TIME    LOW   TIME    DAYS   DAYS   RAIN  SPEED   HIGH  TIME    DIR
---------------------------------------------------------------------------------------
01    13.5   19.5  18:19    9.8  00:00    6.6    0.0     3.9  2.9    27.4  21:05   WSW
02    12.3   17.7  15:28    9.2  06:20    8.8    0.0     1.0  1.0    24.1  23:39   W
03     5.9   10.3  00:00    4.6  22:52   19.6    0.0     0.4  2.7    25.7  00:02   NW
04     7.9   14.1  16:32    4.2  05:34   16.5    0.0     0.0  1.1    17.7  14:50   NW
05     9.8   17.8  16:21    1.7  06:12   15.4    0.0     0.0  0.8    19.3  11:51   SE
06    14.7   24.1  14:14    4.7  05:55    7.1    0.0     0.0  2.3    29.0  18:20   SSW
07    11.8   15.8  00:15    8.9  23:59   10.8    0.0     8.1  4.0    35.4  12:35   SW
08    13.1   20.1  17:06    7.7  04:44    8.0    0.0     1.8  5.8    30.6  10:40   WSW
09    14.5   19.8  16:33   11.1  05:53    5.2    0.0     4.1 12.0    48.3  16:45   WSW
10    15.3   21.8  15:58   10.8  06:22    3.6    0.0     0.6  3.9    35.4  01:40   WSW
11    12.4   16.6  17:18    8.6  21:46   10.3    0.0     2.6 10.9    66.0  18:41   WSW
12     9.2   13.4  14:19    7.1  15:07   14.5    0.0     3.5 11.3    54.7  12:55   WSW
13     8.4   12.8  16:55    5.9  22:45   16.2    0.0     4.1  4.4    35.4  17:20   WSW
14     8.4   12.9  16:57    5.5  01:28   16.4    0.0     6.9  5.2    37.0  18:10   WNW
15     8.3   13.7  16:18    4.9  03:33   16.2    0.0     0.2  2.6    25.7  14:05   NW
16     9.3   12.8  13:10    6.6  04:07   15.6    0.0     0.4  2.4    40.2  16:15   NW
17     9.6   14.3  19:01    6.9  00:40   13.9    0.0     6.1  2.1    22.5  13:05   WSW
18    12.6   19.6  16:28    9.1  05:27    7.2    0.0     0.4  2.4    22.5  18:39   WSW
19    15.4   23.0  15:21    6.0  05:46    6.9    0.0     0.0  1.8    24.1  15:23   ENE
20    17.8   24.8  15:32    9.3  05:53    2.3    0.0     0.0  1.2    22.5  15:35   ESE
21    19.2   27.0  16:27   10.3  05:18    0.0    0.6     0.0  2.8    27.4  16:40   E
22    22.0   29.5  15:55   13.8  06:09    0.0    5.9     0.0  3.7    38.6  23:45   E
23    14.7   17.9  00:00   12.2  05:21    5.9    0.0     2.4  4.1    40.2  11:39   W
24    14.8   21.3  17:47    9.6  06:13    5.2    0.0     0.0  4.4    30.6  13:00   W
25    17.0   23.6  17:49   10.1  05:55    2.8    0.0     0.0  4.3    30.6  16:23   ENE
26    16.4   23.5  15:35   13.4  19:27    0.0    0.2     4.1  2.4    41.8  16:55   W
27    13.3   16.1  13:01   11.5  23:56    8.2    0.0     3.7  6.6    37.0  14:01   WSW
28    12.5   15.6  13:19   10.7  23:55    9.4    0.0     1.0  8.3    35.4  13:25   W
29    12.0   16.2  11:59    9.3  23:18   10.1    0.0     6.1  2.4    30.6  10:34   WSW
30     8.8   11.6  18:09    5.9  07:09   17.2    0.0     1.4  1.9    20.9  14:08   N
31    11.4   17.8  17:40    3.7  04:52   13.6    0.0     0.0  0.7    17.7  12:40   NE
---------------------------------------------------------------------------------------
      12.7   29.5    22     1.7     5   293.6    6.8    62.8  4.0    66.0    11    W

Max >=   32.2:  0
Max <=    0.0:  0
Min <=    0.0:  0
Min <=  -17.8:  0
Max Rain    :    8.1 mm ON 05/07/2014
Days of Rain: 20 (> 0.254 mm) 11 (> 2.54 mm) 0 (> 25.4 mm)



Please note the license to use and transfer of this data:
http://creativecommons.org/licenses/by-nc-sa/3.0/deed.en

Bitte beachten sie die Lizenz zur Verwertung und Weitergabe der Daten:
http://creativecommons.org/licenses/by-nc-sa/3.0/deed.de

zurück zur Übersicht der NOAA Aufstellungen

Cookies helfen bei der Bereitstellung von Inhalten. Durch die Nutzung dieser Seiten erklärst du dich damit einverstanden, dass Cookies auf deinem Rechner gespeichert werden. Weitere Information