NOAA klimatische Zusammenfassung

                   MONTHLY CLIMATOLOGICAL SUMMARY for JUL 2014


NAME: Wetterstation-Pliening  CITY: Pliening              STATE: Bayern              
ELEV:  504.1 m    LAT: 48.2 N    LONG: 11.8 E


                   TEMPERATURE (C), RAIN (mm), WIND SPEED (kph)

                                         HEAT   COOL         AVG
      MEAN                               DEG    DEG          WIND                  DOM
DAY   TEMP   HIGH  TIME    LOW   TIME    DAYS   DAYS   RAIN  SPEED   HIGH  TIME    DIR
---------------------------------------------------------------------------------------
01    15.8   22.6  16:33    8.4  06:03    5.1    0.0     0.0  0.6    14.5  12:20   S
02    14.1   17.3  12:34   11.2  23:46    7.3    0.0     5.7  0.5    20.9  18:55   SSW
03    17.2   25.4  18:07    8.9  05:14    2.1    0.0     0.2  0.5    19.3  12:35   SSE
04    20.6   28.1  16:14   10.5  05:34    0.0    1.7     0.0  1.8    25.7  15:20   E
05    20.4   24.4  16:57   16.9  05:18    0.0    4.2     0.0  5.9    38.6  03:35   WSW
06    22.7   29.8  17:01   14.8  05:35    0.0    7.1     0.0  2.4    20.9  12:35   E
07    20.4   25.2  15:34   15.4  05:46    0.0    3.6     3.3  2.6    57.9  01:55   NE
08    16.0   19.3  00:01   12.2  23:57    4.7    0.0     7.5  7.1    38.6  15:55   WSW
09    12.0   13.9  18:01   11.2  05:37   10.4    0.0     7.5 10.2    38.6  08:05   WSW
10    12.6   15.2  16:41   10.5  05:48    9.8    0.0     2.6  4.6    25.7  09:40   WSW
11    16.0   22.4  17:31   12.3  07:53    1.7    0.0     5.1  1.3    22.5  15:05   NW
12    16.8   21.1  17:34   13.9  01:58    1.5    0.0     1.6  3.3    29.0  14:35   WSW
13    18.2   23.4  14:46   13.8  06:58    0.0    0.5     4.7  3.4    24.1  10:30   WSW
14    18.7   25.1  15:07   13.8  05:06    0.0    2.0     0.2  2.6    25.7  17:55   WSW
15    19.9   27.0  17:13   14.0  05:47    0.0    3.9     0.0  0.5    17.7  17:22   WSW
16    21.3   28.6  17:02   14.3  05:34    0.0    5.6     0.0  1.0    17.7  12:40   NNE
17    22.1   29.1  16:15   15.8  06:12    0.0    7.4     0.0  0.5    20.9  17:25   NW
18    22.5   29.7  16:17   14.8  06:04    0.0    7.1     0.0  0.7    17.7  14:30   SSE
19    23.8   31.9  16:18   13.9  05:38    0.0    8.3     0.4  2.1    20.9  12:25   ESE
20    23.2   31.9  13:48   16.9  05:28    0.0   10.9     0.4  2.5    40.2  16:10   SE
21    17.2   19.7  00:00   15.5  20:53    1.3    0.0    26.2  5.7    29.0  03:44   WSW
22    17.3   19.8  19:17   15.4  02:33    1.3    0.0     6.5  0.9    20.9  00:45   SW
23    20.3   25.7  16:07   15.7  07:17    0.0    4.2     0.2  2.6    37.0  16:05   NE
24    19.1   24.9  19:09   12.1  05:49    0.0    0.2     0.0  1.1    20.9  10:50   ESE
25    20.4   27.6  15:30   13.6  05:31    0.0    4.0     0.0  0.6    16.1  16:50   SW
26    20.0   26.9  17:11   13.5  05:42    0.0    3.3    10.8  2.4    37.0  20:15   NNE
27    18.6   23.4  17:37   16.2  05:54    0.0    2.6     0.2  3.7    25.7  15:20   WSW
28    20.3   26.4  16:26   15.0  06:30    0.0    4.3     0.0  2.0    22.5  18:25   ENE
29    19.3   23.4  15:37   16.2  02:19    0.0    2.7     3.7  1.5    24.1  19:55   W
30    17.4   18.8  12:10   16.3  05:51    1.4    0.0     6.9  3.6    22.5  20:46   WSW
31    18.2   22.4  18:08   15.0  23:55    0.0    0.7     2.2  1.3    20.9  06:45   NW
---------------------------------------------------------------------------------------
      18.8   31.9    19     8.4     1    46.7   84.4    95.9  2.6    57.9     7    SW

Max >=   32.2:  0
Max <=    0.0:  0
Min <=    0.0:  0
Min <=  -17.8:  0
Max Rain    :   26.2 mm ON 07/21/2014
Days of Rain: 16 (> 0.254 mm) 12 (> 2.54 mm) 1 (> 25.4 mm)



Please note the license to use and transfer of this data:
http://creativecommons.org/licenses/by-nc-sa/3.0/deed.en

Bitte beachten sie die Lizenz zur Verwertung und Weitergabe der Daten:
http://creativecommons.org/licenses/by-nc-sa/3.0/deed.de

zurück zur Übersicht der NOAA Aufstellungen

Cookies helfen bei der Bereitstellung von Inhalten. Durch die Nutzung dieser Seiten erklärst du dich damit einverstanden, dass Cookies auf deinem Rechner gespeichert werden. Weitere Information