NOAA klimatische Zusammenfassung

                   MONTHLY CLIMATOLOGICAL SUMMARY for AUG 2014


NAME: Wetterstation-Pliening  CITY: Pliening              STATE: Bayern              
ELEV:  504.1 m    LAT: 48.2 N    LONG: 11.8 E


                   TEMPERATURE (C), RAIN (mm), WIND SPEED (kph)

                                         HEAT   COOL         AVG
      MEAN                               DEG    DEG          WIND                  DOM
DAY   TEMP   HIGH  TIME    LOW   TIME    DAYS   DAYS   RAIN  SPEED   HIGH  TIME    DIR
---------------------------------------------------------------------------------------
01    18.6   24.8  18:22   11.8  05:55    0.1    0.0     0.0  2.1    20.9  12:22   ESE
02    19.2   28.6  14:57   14.0  06:23    0.0    5.3    16.9  1.3    72.4  16:00   SSE
03    19.5   26.4  17:26   14.1  06:00    0.0    3.4     2.6  0.9    25.7  22:45   SW
04    20.6   27.8  16:21   16.1  04:55    0.0    6.4     1.0  1.4    25.7  23:43   WSW
05    16.8   21.4  12:14   14.3  23:47    0.8    0.0     5.1  2.7    33.8  00:40   SW
06    18.1   25.9  17:05   12.0  06:00    0.0    1.1     0.2  0.8    14.5  13:05   SSE
07    18.1   25.1  16:45   15.0  04:42    0.0    3.1     1.8  0.9    33.8  18:28   SSW
08    20.0   27.7  17:57   12.6  06:20    0.0    3.2     0.2  0.4    17.7  13:34   SSE
09    20.0   25.1  11:13   15.9  23:50    0.0    3.9     1.2  4.4    38.6  11:00   SSE
10    21.3   29.8  16:17   13.6  06:13    0.0    6.0     0.0  2.3    37.0  22:55   ESE
11    17.1   21.3  00:00   15.1  22:58    0.3    0.0    21.9  1.5    54.7  00:55   SW
12    17.0   21.7  17:36   13.8  07:01    1.0    0.0     0.0  2.5    20.9  14:35   S
13    14.5   16.4  17:46   13.3  06:28    6.2    0.0     8.9  3.3    45.1  22:20   SSE
14    14.8   19.8  18:08   11.6  06:47    4.7    0.0     0.0  4.7    41.8  00:05   WSW
15    13.8   18.8  15:09   10.9  23:28    6.2    0.0     1.8  6.0    45.1  11:30   SW
16    12.9   17.4  13:41   10.9  01:03    7.5    0.0    12.8  7.0    32.2  13:00   WSW
17    15.5   22.8  16:50    8.5  06:42    4.8    0.0     0.2  5.4    33.8  15:30   SW
18    16.5   23.2  17:02   10.9  06:28    2.4    0.0     0.0  6.1    37.0  13:24   WSW
19    15.9   21.7  17:32   12.0  06:34    2.7    0.0     2.8  1.9    32.2  18:00   SW
20    14.5   16.5  17:04   12.8  23:38    6.6    0.0     0.0  1.0    16.1  17:25   ESE
21    14.5   20.2  15:06   11.1  06:54    4.9    0.0     1.0  1.5    17.7  09:10   WSW
22    15.0   22.2  18:14    8.6  04:00    5.3    0.0     0.0  1.4    20.9  13:15   S
23    15.1   19.6  16:37   11.7  06:52    4.9    0.0     0.2  2.7    49.9  20:25   SW
24    13.1   17.8  16:06    9.7  06:02    8.2    0.0     4.1  5.6    35.4  13:10   W
25    13.4   20.6  16:14    7.1  06:27    8.1    0.0     0.2  1.4    24.1  22:40   SSW
26    15.7   20.8  15:36   11.4  05:17    4.0    0.0     6.1  7.5    45.1  12:30   SSW
27    14.7   18.1  17:13   11.0  23:56    6.8    0.0    10.8  4.5    37.0  09:11   WSW
28    15.1   22.5  14:57    7.9  06:33    5.6    0.0     0.2  0.8    16.1  16:50   SE
29    17.1   22.3  12:10   11.9  05:27    2.2    0.0     0.0  0.6    19.3  12:55   SSW
30    18.2   23.5  18:22   15.6  23:59    0.0    2.2     6.1  0.7    11.3  00:51   WSW
31    13.1   15.6  00:00   10.3  20:18    9.7    0.0    21.3  1.8    30.6  19:15   WSW
---------------------------------------------------------------------------------------
      16.4   29.8    10     7.1    25   103.0   34.8   127.6  2.7    72.4     2    SW

Max >=   32.2:  0
Max <=    0.0:  0
Min <=    0.0:  0
Min <=  -17.8:  0
Max Rain    :   21.9 mm ON 08/11/2014
Days of Rain: 17 (> 0.254 mm) 12 (> 2.54 mm) 0 (> 25.4 mm)



Please note the license to use and transfer of this data:
http://creativecommons.org/licenses/by-nc-sa/3.0/deed.en

Bitte beachten sie die Lizenz zur Verwertung und Weitergabe der Daten:
http://creativecommons.org/licenses/by-nc-sa/3.0/deed.de

zurück zur Übersicht der NOAA Aufstellungen

Cookies helfen bei der Bereitstellung von Inhalten. Durch die Nutzung dieser Seiten erklärst du dich damit einverstanden, dass Cookies auf deinem Rechner gespeichert werden. Weitere Information