NOAA klimatische Zusammenfassung

                   MONTHLY CLIMATOLOGICAL SUMMARY for NOV 2014


NAME: Wetterstation-Pliening  CITY: Pliening              STATE: Bayern              
ELEV:  504.1 m    LAT: 48.2 N    LONG: 11.8 E


                   TEMPERATURE (C), RAIN (mm), WIND SPEED (kph)

                                         HEAT   COOL         AVG
      MEAN                               DEG    DEG          WIND                  DOM
DAY   TEMP   HIGH  TIME    LOW   TIME    DAYS   DAYS   RAIN  SPEED   HIGH  TIME    DIR
---------------------------------------------------------------------------------------
01     8.5   15.5  13:49    3.8  07:23   15.6    0.0     0.2  0.3     9.7  10:00   E
02     9.3   18.2  14:11    4.6  07:57   12.6    0.0     0.0  0.3     8.0  03:15   SSE
03     9.4   16.9  12:38    3.8  06:39   14.3    0.0     0.2  1.4    17.7  16:45   SE
04    14.3   21.5  13:31    8.2  01:40    6.3    0.0     0.0  6.2    38.6  13:50   SE
05     8.2   13.3  00:19    4.8  23:56   16.7    0.0     1.4  3.2    27.4  00:00   W
06     3.5    4.8  15:23    0.9  05:07   27.8    0.0     7.1  1.5    25.7  01:30   SW
07     5.0    7.2  14:59    2.1  04:54   24.7    0.0     0.0  0.3     8.0  11:10   S
08     7.8   12.2  14:20    5.5  04:33   17.0    0.0     0.0  1.6    22.5  19:15   ESE
09     6.5    9.5  14:09    4.6  09:06   20.3    0.0     0.0  1.6    17.7  14:35   SSE
10     6.3    7.2  15:12    5.5  07:16   21.5    0.0     0.0  0.6    16.1  08:30   E
11     6.9   12.2  22:47    4.9  08:06   17.7    0.0     0.0  1.1    22.5  22:15   ESE
12     8.3   12.3  02:28    4.7  07:14   17.8    0.0     0.0  2.1    24.1  18:20   WNW
13     7.6    9.3  13:25    6.5  23:12   18.8    0.0     0.0  0.5    19.3  00:35   W
14     6.8    7.7  13:17    6.0  05:51   20.7    0.0     0.0  0.7    17.7  05:46   ESE
15     6.4    8.4  13:51    5.1  08:05   20.8    0.0     0.0  1.2    20.9  11:43   E
16     6.6   10.8  13:03    1.8  23:59   21.6    0.0     0.0  4.6    38.6  07:55   S
17     3.1    5.8  15:55   -0.3  05:45   28.1    0.0     0.2  0.3    14.5  12:45   E
18     4.7    5.3  00:37    2.6  08:40   25.9    0.0    17.7  7.3    33.8  12:30   WSW
19     5.5    6.7  14:45    4.5  07:43   23.0    0.0     1.4  5.0    33.8  05:35   W
20     4.6    6.4  13:25    2.6  02:01   24.9    0.0     0.0  0.3    11.3  15:00   ESE
21     3.6    4.8  14:01    1.3  04:18   27.5    0.0     0.2  1.1    17.7  10:20   ESE
22     4.8    9.4  15:14    1.8  23:50   22.9    0.0     0.2  0.3     8.0  07:20   E
23     1.8    4.0  14:36   -0.2  07:06   29.5    0.0     0.2  0.6    14.5  17:40   E
24     4.6    8.8  15:05    1.9  03:00   23.3    0.0     0.0  0.2    14.5  16:55   N
25     4.5    5.9  14:14    2.6  23:46   25.3    0.0     0.0  3.0    29.0  17:45   ENE
26     2.4    3.0  13:10    1.8  06:20   28.7    0.0     0.0  2.0    24.1  00:15   ESE
27     2.3    4.1  15:16    1.4  07:59   28.1    0.0     0.0  0.8    17.7  13:00   E
28     0.7    1.5  00:00   -0.1  08:50   31.8    0.0     0.0  2.5    20.9  06:25   E
29     0.5    1.0  14:34    0.1  06:36   32.0    0.0     0.0  2.4    20.9  19:50   E
30     0.6    1.3  22:07    0.0  05:40   31.8    0.0     0.0  2.0    24.1  21:15   ESE
---------------------------------------------------------------------------------------
       5.5   21.5     4    -0.3    17   676.9    0.0    28.9  1.8    38.6     4    ESE

Max >=   32.2:  0
Max <=    0.0:  0
Min <=    0.0:  4
Min <=  -17.8:  0
Max Rain    :   17.7 mm ON 11/18/2014
Days of Rain: 4 (> 0.254 mm) 2 (> 2.54 mm) 0 (> 25.4 mm)



Please note the license to use and transfer of this data:
http://creativecommons.org/licenses/by-nc-sa/3.0/deed.en

Bitte beachten sie die Lizenz zur Verwertung und Weitergabe der Daten:
http://creativecommons.org/licenses/by-nc-sa/3.0/deed.de

zurück zur Übersicht der NOAA Aufstellungen

Cookies helfen bei der Bereitstellung von Inhalten. Durch die Nutzung dieser Seiten erklärst du dich damit einverstanden, dass Cookies auf deinem Rechner gespeichert werden. Weitere Information