NOAA klimatische Zusammenfassung

                   MONTHLY CLIMATOLOGICAL SUMMARY for AUG 2015


NAME: Wetterstation-Pliening  CITY: Pliening              STATE: Bayern              
ELEV:  504.1 m    LAT: 48.2 N    LONG: 11.8 E


                   TEMPERATURE (C), RAIN (mm), WIND SPEED (kph)

                                         HEAT   COOL         AVG
      MEAN                               DEG    DEG          WIND                  DOM
DAY   TEMP   HIGH  TIME    LOW   TIME    DAYS   DAYS   RAIN  SPEED   HIGH  TIME    DIR
---------------------------------------------------------------------------------------
01    17.4   21.8  11:31   12.0  03:36    2.5    0.0     0.0  2.1    32.2  12:55   WNW
02    18.5   25.0  16:24   15.0  04:30    0.0    3.0     1.2  1.4    17.7  12:10   SSW
03    20.7   28.4  16:25   12.5  06:32    0.0    3.8     0.0  1.3    19.3  14:50   ESE
04    23.2   33.2  15:02   13.6  06:15    0.0    9.1     0.0  4.2    40.2  18:10   W
05    23.3   30.1  17:27   15.8  06:19    0.0    8.3     0.0  2.1    25.7  14:15   ENE
06    25.6   34.1  15:17   16.3  05:43    0.0   12.4     0.0  0.8    22.5  13:25   SE
07    26.2   35.0  16:06   16.3  06:22    0.0   13.2     0.0  1.3    20.9  13:50   E
08    26.7   36.0  16:48   19.4  04:54    0.0   16.9     2.4  3.1    27.4  20:49   WSW
09    25.3   32.8  15:52   18.3  05:18    0.0   13.0     0.2  3.5    32.2  23:35   ENE
10    22.5   29.7  18:17   18.4  05:40    0.0   10.3     0.0  2.1    30.6  00:05   WSW
11    22.9   31.3  16:00   19.3  06:10    0.0   12.5     0.0  0.4    19.3  11:40   WSW
12    25.4   34.8  15:41   17.3  06:02    0.0   13.9     0.0  0.8    24.1  17:05   E
13    19.9   27.2  21:06   16.8  06:25    0.0    6.6     0.0  0.0     0.0  00:00   SSE
14    26.0   31.2  15:52   19.1  23:00    0.0   12.2     0.2  5.1    35.4  18:15   NE
15    20.4   26.2  16:21   15.8  23:45    0.0    4.8     2.0  2.0    25.7  20:25   WSW
16    17.0   19.4  17:25   14.7  07:30    2.3    0.0     0.8  1.6    22.5  11:45   WNW
17    14.8   15.6  17:57   13.7  11:00    6.6    0.0     2.0  3.9    24.1  16:15   W
18    16.4   22.2  15:35   11.3  06:49    2.9    0.0     0.2  0.8    17.7  17:20   NNW
19    15.4   18.0  15:17   13.3  06:32    4.8    0.0     0.0  1.8    24.1  15:00   W
20    16.1   22.2  15:32   12.4  05:34    1.8    0.0     8.1  1.5    20.9  20:57   W
21    15.9   22.4  15:01   11.9  03:54    2.0    0.0     0.0  0.6    24.1  16:05   S
22    17.2   24.2  15:47   10.2  06:37    2.1    0.0     0.0  1.7    22.5  14:05   ESE
23    17.6   28.0  17:10    9.8  06:40    0.0    1.1    17.5  1.1    38.6  19:10   ENE
24    19.7   28.3  16:59   14.3  23:56    0.0    5.3     5.7  3.3    45.1  21:32   W
25    16.4   22.8  16:43   13.0  23:58    0.8    0.0     1.2  3.9    30.6  12:42   SW
26    17.5   25.8  15:57    9.6  06:16    1.2    0.0     0.0  1.2    20.9  16:10   E
27    21.5   30.6  15:03   13.4  03:55    0.0    6.7     0.0  0.7    14.5  12:20   SSE
28    23.8   32.5  16:56   17.2  06:09    0.0   11.8     0.0  2.3    27.4  14:55   WSW
29    23.2   31.1  16:48   15.7  06:57    0.0    9.2     0.0  1.2    22.5  11:23   NE
30    25.0   34.2  17:52   17.7  05:02    0.0   13.7     0.0  1.0    20.9  10:25   W
31    25.6   33.8  16:40   18.7  05:10    0.0   14.2     0.0  1.6    22.5  12:09   SW
---------------------------------------------------------------------------------------
      20.9   36.0     8     9.6    26    27.2  201.9    41.7  1.9    45.1    24    SW

Max >=   32.2:  9
Max <=    0.0:  0
Min <=    0.0:  0
Min <=  -17.8:  0
Max Rain    :   17.5 mm ON 08/23/2015
Days of Rain: 9 (> 0.254 mm) 3 (> 2.54 mm) 0 (> 25.4 mm)



Please note the license to use and transfer of this data:
http://creativecommons.org/licenses/by-nc-sa/3.0/deed.en

Bitte beachten sie die Lizenz zur Verwertung und Weitergabe der Daten:
http://creativecommons.org/licenses/by-nc-sa/3.0/deed.de

zurück zur Übersicht der NOAA Aufstellungen

Cookies helfen bei der Bereitstellung von Inhalten. Durch die Nutzung dieser Seiten erklärst du dich damit einverstanden, dass Cookies auf deinem Rechner gespeichert werden. Weitere Information