NOAA klimatische Zusammenfassung

                   MONTHLY CLIMATOLOGICAL SUMMARY for APR 2017


NAME: Wetterstation-Pliening  CITY: Pliening              STATE: Bayern              
ELEV:  504.1 m    LAT: 48.2 N    LONG: 11.8 E


                   TEMPERATURE (C), RAIN (mm), WIND SPEED (kph)

                                         HEAT   COOL         AVG
      MEAN                               DEG    DEG          WIND                  DOM
DAY   TEMP   HIGH  TIME    LOW   TIME    DAYS   DAYS   RAIN  SPEED   HIGH  TIME    DIR
---------------------------------------------------------------------------------------
01    14.5   22.3  14:20    7.2  06:50    6.5    0.0     0.0  0.9    17.7  11:55   S
02    13.2   18.9  16:16    8.0  06:01    8.8    0.0     0.0  2.1    20.9  13:00   W
03    11.3   17.1  16:58    7.6  06:44   10.8    0.0     0.0  1.4    32.2  17:20   WNW
04     8.8   12.6  16:29    6.3  23:55   16.0    0.0     0.0  0.7    17.7  16:35   N
05     9.1   12.2  13:45    6.3  00:06   16.3    0.0     0.0  1.0    20.9  23:15   WSW
06     6.7    9.6  00:00    4.1  22:47   20.8    0.0     0.0  5.6    30.6  03:05   WNW
07     8.6   14.3  18:22    4.3  02:38   16.2    0.0     0.0  7.0    35.4  15:55   W
08    11.3   18.6  16:13    5.6  07:31   11.2    0.0     0.0  0.6    17.7  12:20   ENE
09    13.3   21.8  17:02    5.3  06:58    8.6    0.0     0.0  0.4    17.7  13:12   E
10    15.6   23.6  17:01    7.8  06:00    4.8    0.0     0.2  8.0    48.3  22:33   SW
11    10.1   13.9  16:49    5.4  23:59   15.6    0.0     0.0  6.2    33.8  00:33   WNW
12    10.9   19.1  16:01    2.8  04:40   13.3    0.0     0.0  4.2    29.0  17:40   SW
13    11.7   13.8  00:00    7.4  23:15   13.8    0.0     0.0  9.5    45.1  09:35   W
14     9.8   13.6  16:08    7.6  01:14   14.0    0.0     0.0  2.6    25.7  16:05   W
15    10.3   15.1  13:36    7.2  05:58   12.9    0.0     1.0  9.2    37.0  11:25   WSW
16     6.2    8.7  00:00    3.3  22:11   22.2    0.0     4.4  9.1    38.6  01:20   WSW
17     5.0    8.7  15:38    3.2  22:07   22.3    0.0     8.6 10.3    54.7  15:44   WSW
18     2.0    5.9  16:55    0.4  08:17   27.3    0.0    10.0  7.7    37.0  10:40   W
19     1.4    3.6  15:44   -0.2  05:36   29.9    0.0     0.0  4.7    35.4  15:15   N
20     2.0    6.1  17:57   -1.3  05:42   28.7    0.0     0.0  2.0    20.9  12:35   NW
21     4.8   12.1  18:13   -2.3  06:13   24.2    0.0     0.0  3.4    27.4  16:11   SW
22     6.4   11.4  14:49    1.9  05:58   21.0    0.0     1.2  5.8    40.2  14:30   WSW
23     5.7    9.4  16:10    1.7  23:57   23.0    0.0     0.0  4.4    32.2  14:25   WNW
24     7.9   17.4  17:55   -0.7  06:11   17.9    0.0     0.0  0.8    14.5  15:57   S
25    10.0   13.5  13:34    5.8  23:57   15.6    0.0     7.2  3.1    37.0  11:20   WSW
26     3.6    5.8  00:00    2.3  17:31   25.7    0.0     9.0  1.1    14.5  00:30   NW
27     2.8    4.3  15:51    0.8  05:47   28.4    0.0     7.6  1.1    12.9  17:55   SW
28     1.9    3.8  15:47    0.4  02:43   29.2    0.0    14.0  2.0    25.7  13:20   NNE
29     6.2   11.8  17:31    0.8  04:50   21.6    0.0     0.0  1.8    24.1  01:22   SSW
30     8.8   15.8  17:13    0.6  06:21   18.2    0.0     0.0  3.8    33.8  11:10   ESE
---------------------------------------------------------------------------------------
       8.0   23.6    10    -2.3    21   545.0    0.0    63.2  4.0    54.7    17    W

Max >=   32.2:  0
Max <=    0.0:  0
Min <=    0.0:  4
Min <=  -17.8:  0
Max Rain    :   14.0 mm ON 04/28/2017
Days of Rain: 9 (> 0.254 mm) 7 (> 2.54 mm) 0 (> 25.4 mm)



Please note the license to use and transfer of this data:
http://creativecommons.org/licenses/by-nc-sa/3.0/deed.en

Bitte beachten sie die Lizenz zur Verwertung und Weitergabe der Daten:
http://creativecommons.org/licenses/by-nc-sa/3.0/deed.de

zurück zur Übersicht der NOAA Aufstellungen

Cookies helfen bei der Bereitstellung von Inhalten. Durch die Nutzung dieser Seiten erklärst du dich damit einverstanden, dass Cookies auf deinem Rechner gespeichert werden. Weitere Information