NOAA klimatische Zusammenfassung

                   MONTHLY CLIMATOLOGICAL SUMMARY for JUL 2017


NAME: Wetterstation-Pliening  CITY: Pliening              STATE: Bayern              
ELEV:  504.1 m    LAT: 48.2 N    LONG: 11.8 E


                   TEMPERATURE (C), RAIN (mm), WIND SPEED (kph)

                                         HEAT   COOL         AVG
      MEAN                               DEG    DEG          WIND                  DOM
DAY   TEMP   HIGH  TIME    LOW   TIME    DAYS   DAYS   RAIN  SPEED   HIGH  TIME    DIR
---------------------------------------------------------------------------------------
01    17.6   22.6  16:40   14.0  04:13    0.1    0.0     0.2  9.5    48.3  09:11   WSW
02    15.3   19.5  14:36   12.9  05:41    3.8    0.0     3.6  7.1    35.4  04:05   WSW
03    17.9   24.2  16:56   13.2  05:18    0.0    0.7     2.6  3.7    25.7  15:18   W
04    19.8   26.1  18:05   13.6  04:34    0.0    2.7     0.0  1.2    22.5  12:40   SW
05    22.6   30.8  16:41   13.7  05:22    0.0    7.0     0.0  2.0    27.4  15:35   WNW
06    24.6   32.8  16:02   16.2  06:01    0.0   11.1     0.0  0.8    24.1  14:00   W
07    23.6   32.1  15:21   17.7  06:43    0.0   11.8     2.4  4.2    59.5  23:03   WSW
08    23.4   31.7  15:24   17.4  04:21    0.0   11.2     0.6  3.9    33.8  22:39   SW
09    21.4   28.9  15:57   18.1  23:58    0.0    9.3     2.8  2.7    33.8  18:16   S
10    21.3   28.1  15:20   16.7  04:32    0.0    7.3     0.6  5.5    35.4  14:18   WSW
11    20.1   25.4  16:29   15.7  04:35    0.0    4.0     2.4  7.8    40.2  01:30   WSW
12    19.9   26.7  16:55   16.0  23:59    0.0    5.4     2.4  9.1    64.4  20:55   SW
13    17.3   23.0  17:21   13.2  06:38    0.4    0.0     0.0  3.1    33.8  00:00   NNW
14    15.9   21.8  18:06   12.1  06:04    2.4    0.0     3.0  3.7    27.4  10:35   SW
15    14.8   19.8  17:20   11.4  01:59    4.9    0.0     4.4  4.8    38.6  01:45   W
16    17.8   24.3  16:34   11.0  06:01    1.2    0.0     0.0  1.0    19.3  16:20   WNW
17    20.2   27.6  16:17   12.3  05:56    0.0    2.9     0.0  1.0    20.9  17:00   SSE
18    22.7   29.6  17:34   13.7  05:54    0.0    5.9     0.6  1.7    27.4  15:07   ESE
19    25.0   33.6  16:21   17.0  05:43    0.0   12.5     0.0  1.0    29.0  23:41   SSW
20    21.8   28.8  13:43   16.6  23:58    0.0    7.9     3.8  4.1    46.7  15:25   SW
21    21.1   28.3  15:18   14.3  06:10    0.0    5.3     0.0  3.2    25.7  13:05   SE
22    22.4   30.0  18:05   16.9  05:40    0.0    9.2     0.0  1.3    37.0  02:21   SSW
23    18.9   22.1  15:00   15.4  06:48    0.0    0.8     9.0  2.8    51.5  02:50   WSW
24    15.5   17.2  12:56   11.4  23:51    7.2    0.0     9.0  3.8    43.5  15:20   SW
25    13.0   17.2  13:28   11.5  00:00    7.2    0.0     8.2  9.4    49.9  14:35   WSW
26    12.7   13.4  17:05   11.8  03:16   10.3    0.0    28.6 13.5    48.3  06:12   WSW
27    15.6   19.4  18:55   11.6  06:40    5.1    0.0     3.8  4.4    33.8  12:30   SW
28    16.8   20.7  19:00   14.0  06:14    1.8    0.0     3.2  3.6    35.4  04:30   SW
29    20.3   28.7  16:47   12.8  06:13    0.0    4.3     0.0  0.7    20.9  10:55   SW
30    22.7   32.4  17:05   16.1  06:15    0.0   10.7     1.6  1.3    30.6  20:43   S
31    23.2   31.8  16:17   16.2  05:54    0.0   10.1     0.0  1.5    30.6  01:55   SSE
---------------------------------------------------------------------------------------
      19.5   33.6    19    11.0    16    44.6  140.3    92.8  4.0    64.4    12    SW

Max >=   32.2:  3
Max <=    0.0:  0
Min <=    0.0:  0
Min <=  -17.8:  0
Max Rain    :   28.6 mm ON 07/26/2017
Days of Rain: 19 (> 0.254 mm) 12 (> 2.54 mm) 1 (> 25.4 mm)



Please note the license to use and transfer of this data:
http://creativecommons.org/licenses/by-nc-sa/3.0/deed.en

Bitte beachten sie die Lizenz zur Verwertung und Weitergabe der Daten:
http://creativecommons.org/licenses/by-nc-sa/3.0/deed.de

zurück zur Übersicht der NOAA Aufstellungen

Cookies helfen bei der Bereitstellung von Inhalten. Durch die Nutzung dieser Seiten erklärst du dich damit einverstanden, dass Cookies auf deinem Rechner gespeichert werden. Weitere Information