NOAA klimatische Zusammenfassung

                   MONTHLY CLIMATOLOGICAL SUMMARY for AUG 2017


NAME: Wetterstation-Pliening  CITY: Pliening              STATE: Bayern              
ELEV:  504.1 m    LAT: 48.2 N    LONG: 11.8 E


                   TEMPERATURE (C), RAIN (mm), WIND SPEED (kph)

                                         HEAT   COOL         AVG
      MEAN                               DEG    DEG          WIND                  DOM
DAY   TEMP   HIGH  TIME    LOW   TIME    DAYS   DAYS   RAIN  SPEED   HIGH  TIME    DIR
---------------------------------------------------------------------------------------
01    25.8   34.6  16:22   18.3  04:53    0.0   14.6     1.0  2.5    48.3  21:00   ESE
02    24.0   31.3  16:49   17.3  06:30    0.0   10.8     2.2  1.5    37.0  05:05   SW
03    24.8   31.5  15:32   18.4  05:58    0.0   11.9     0.0  1.5    32.2  11:21   SSE
04    23.8   28.0  16:10   20.2  07:18    0.0   10.4     0.2  1.9    25.7  17:40   WNW
05    24.0   29.6  14:34   18.4  06:52    0.0   10.2     2.8  2.4    33.8  17:35   WNW
06    16.8   20.2  00:00   13.8  23:58    2.3    0.0     3.0  0.5    16.1  03:15   SW
07    17.1   22.9  16:42   11.1  06:08    2.3    0.0     0.0  3.3    29.0  12:15   E
08    19.4   29.1  15:13   11.8  06:04    0.0    3.8     8.0  3.7    40.2  18:20   SE
09    18.6   22.5  14:53   15.4  02:01    0.0    1.1     5.6  2.0    22.5  14:15   NNE
10    15.2   18.9  00:00   11.2  20:15    5.9    0.0     6.4  3.8    40.2  18:05   W
11    12.2   13.8  17:25   11.1  06:09   10.7    0.0    10.4  3.0    25.7  17:35   SW
12    14.4   18.2  16:17   11.8  09:50    5.9    0.0     0.8  5.5    30.6  12:30   WSW
13    17.6   23.2  17:55   12.8  02:24    0.6    0.0     0.4  0.5    19.3  16:34   SW
14    19.4   26.0  15:35   12.7  06:39    0.0    1.8     0.0  3.9    30.6  12:05   ESE
15    21.9   30.7  16:11   13.5  04:47    0.0    6.8     0.0  0.3    25.7  14:40   SE
16    19.9   25.2  16:31   16.4  07:11    0.0    4.4    28.0  1.4    38.6  02:04   SW
17    21.4   27.9  15:09   15.0  04:29    0.0    5.6     0.0  0.1    14.5  11:30   SE
18    23.0   31.2  16:29   15.7  22:18    0.0    9.2    14.2  2.1    77.2  21:25   SSE
19    16.2   19.3  18:28   14.3  23:39    2.8    0.0     2.8  0.3    16.1  00:30   SSW
20    16.1   20.7  15:46   12.0  07:19    3.6    0.0     0.4  1.7    25.7  14:00   WSW
21    15.4   20.8  15:41   11.4  23:59    4.0    0.0     0.0  0.4    20.9  14:55   W
22    15.0   21.8  16:15    8.2  05:06    6.0    0.0     0.0  0.7    11.3  16:50   NE
23    17.3   25.1  16:39   10.1  06:21    1.4    0.0     0.0  0.6    12.9  15:25   ESE
24    21.1   29.2  16:06   14.2  05:22    0.0    6.1     0.0  3.1    48.3  21:25   S
25    21.6   29.9  16:37   14.2  06:44    0.0    6.7     0.0  0.4    11.3  00:32   S
26    24.0   32.1  16:13   17.4  07:02    0.0   11.5     0.0  1.3    17.7  10:15   SW
27    20.7   26.8  14:05   16.3  06:52    0.0    5.8     0.4  1.0    22.5  14:25   SSW
28    19.4   25.8  16:56   15.5  06:36    0.0    4.2     0.0  0.3    16.1  16:55   SSW
29    20.0   26.5  16:13   14.1  06:49    0.0    3.5     0.0  1.1    22.5  11:26   ESE
30    21.2   31.2  16:40   12.4  06:28    0.0    6.2     0.0  0.9    16.1  16:55   ESE
31    18.8   25.2  11:39   14.3  23:39    0.0    2.5     8.8  3.9    43.5  17:30   WSW
---------------------------------------------------------------------------------------
      19.5   34.6     1     8.2    22    45.5  137.1    95.4  1.8    77.2    18    SSE

Max >=   32.2:  1
Max <=    0.0:  0
Min <=    0.0:  0
Min <=  -17.8:  0
Max Rain    :   28.0 mm ON 08/16/2017
Days of Rain: 16 (> 0.254 mm) 10 (> 2.54 mm) 1 (> 25.4 mm)



Please note the license to use and transfer of this data:
http://creativecommons.org/licenses/by-nc-sa/3.0/deed.en

Bitte beachten sie die Lizenz zur Verwertung und Weitergabe der Daten:
http://creativecommons.org/licenses/by-nc-sa/3.0/deed.de

zurück zur Übersicht der NOAA Aufstellungen

Cookies helfen bei der Bereitstellung von Inhalten. Durch die Nutzung dieser Seiten erklärst du dich damit einverstanden, dass Cookies auf deinem Rechner gespeichert werden. Weitere Information