NOAA klimatische Zusammenfassung

                   MONTHLY CLIMATOLOGICAL SUMMARY for NOV 2017


NAME: Wetterstation-Pliening  CITY: Pliening              STATE: Bayern              
ELEV:  504.1 m    LAT: 48.2 N    LONG: 11.8 E


                   TEMPERATURE (C), RAIN (mm), WIND SPEED (kph)

                                         HEAT   COOL         AVG
      MEAN                               DEG    DEG          WIND                  DOM
DAY   TEMP   HIGH  TIME    LOW   TIME    DAYS   DAYS   RAIN  SPEED   HIGH  TIME    DIR
---------------------------------------------------------------------------------------
01     6.0   10.6  15:35    1.9  00:44   21.7    0.0     0.0  3.5    11.3  00:15   S
02     9.8   15.6  13:09    3.5  03:19   15.8    0.0     0.0  9.0    46.7  13:25   SSW
03     9.4   13.8  14:51    3.4  23:55   17.5    0.0     0.0  2.4    14.5  01:05   ESE
04     8.1   18.3  14:49    0.9  06:33   15.7    0.0     0.2  2.6    20.9  14:51   SSE
05     7.5   12.2  12:47    4.7  07:29   17.8    0.0    10.8  7.6    41.8  15:55   SW
06     5.0    5.7  00:00    4.2  04:35   24.2    0.0     5.8  5.2    27.4  03:20   NW
07     6.1    7.2  15:22    4.6  00:26   22.4    0.0     0.2  5.7    33.8  08:45   ENE
08     5.4    7.2  13:52    1.9  07:38   24.8    0.0     0.2  2.5    16.1  04:50   SW
09     6.3    7.6  12:11    4.7  01:52   21.9    0.0     0.0  1.9    11.3  02:25   S
10     6.3    7.7  12:17    5.3  16:45   21.3    0.0     1.2 10.2    45.1  18:45   SW
11     6.2    8.7  23:41    3.9  06:52   21.7    0.0     6.2 13.9    45.1  19:25   SW
12     5.5   10.5  15:24    2.6  23:42   21.2    0.0    12.2 12.7    57.9  16:30   SW
13     2.7    4.3  14:58    0.8  23:59   28.4    0.0     1.6  6.5    24.1  00:35   W
14     0.5    3.6  14:03   -1.7  06:18   31.2    0.0     0.0  2.2    14.5  18:00   SSE
15     0.2    1.9  12:49   -0.6  07:36   31.8    0.0     0.0  4.6    19.3  17:00   ENE
16     0.3    1.1  15:05   -0.6  00:02   32.5    0.0     0.0  4.2    24.1  23:04   WSW
17     2.2    4.1  15:08    0.7  00:00   28.7    0.0     0.0  2.8    19.3  02:40   SW
18     3.5    5.0  14:33    1.7  04:40   27.0    0.0     0.2  7.5    35.4  22:35   SW
19     3.3    5.6  13:36    1.0  04:47   27.1    0.0     3.0 17.4    43.5  09:10   SW
20     3.6    5.6  21:01    2.2  07:48   26.0    0.0     1.2 13.5    53.1  21:28   SW
21     8.1   10.9  17:23    4.8  00:00   18.9    0.0     1.2 15.5    53.1  12:50   SW
22     8.8   17.6  13:57    3.4  23:21   14.0    0.0     0.0  6.0    24.1  12:00   S
23     7.5   16.9  13:57    0.4  06:36   17.4    0.0     0.0  4.0    22.5  14:57   SSE
24     9.5   15.2  14:49    5.8  06:23   14.2    0.0     0.0  4.2    16.1  09:52   SSE
25     6.0    8.8  11:30    3.9  22:01   21.5    0.0     3.0  8.7    37.0  12:10   SW
26     1.8    3.9  00:00    0.1  19:05   29.3    0.0     1.4 10.6    33.8  00:15   WSW
27     2.9    5.2  14:08    1.1  03:13   27.3    0.0     0.0 11.3    40.2  11:40   SW
28     4.5    6.8  11:32    2.2  05:47   24.8    0.0     0.0  7.7    33.8  14:16   SW
29     3.8    5.2  12:02    2.1  23:58   26.5    0.0     0.0  2.8    16.1  00:13   WSW
30     0.8    2.1  00:00   -1.3  23:21   32.2    0.0     0.2  9.3    30.6  13:25   WSW
---------------------------------------------------------------------------------------
       5.1   18.3     4    -1.7    14   705.0    0.0    48.6  7.2    57.9    12    SSW

Max >=   32.2:  0
Max <=    0.0:  0
Min <=    0.0:  4
Min <=  -17.8:  0
Max Rain    :   12.2 mm ON 11/12/2017
Days of Rain: 11 (> 0.254 mm) 6 (> 2.54 mm) 0 (> 25.4 mm)



Please note the license to use and transfer of this data:
http://creativecommons.org/licenses/by-nc-sa/3.0/deed.en

Bitte beachten sie die Lizenz zur Verwertung und Weitergabe der Daten:
http://creativecommons.org/licenses/by-nc-sa/3.0/deed.de

zurück zur Übersicht der NOAA Aufstellungen

Cookies helfen bei der Bereitstellung von Inhalten. Durch die Nutzung dieser Seiten erklärst du dich damit einverstanden, dass Cookies auf deinem Rechner gespeichert werden. Weitere Information