NOAA klimatische Zusammenfassung

                   MONTHLY CLIMATOLOGICAL SUMMARY for MAY 2018


NAME: Wetterstation-Pliening  CITY: Pliening              STATE: Bayern              
ELEV:  504.1 m    LAT: 48.2 N    LONG: 11.8 E


                   TEMPERATURE (C), RAIN (mm), WIND SPEED (kph)

                                         HEAT   COOL         AVG
      MEAN                               DEG    DEG          WIND                  DOM
DAY   TEMP   HIGH  TIME    LOW   TIME    DAYS   DAYS   RAIN  SPEED   HIGH  TIME    DIR
---------------------------------------------------------------------------------------
01    13.3   16.9  17:28   10.4  06:16    8.3    0.0     0.0  5.7    25.7  12:25   NW
02    14.3   20.0  18:29    9.7  06:09    6.3    0.0     0.0  5.7    22.5  12:10   NNE
03    15.5   20.6  16:41   11.7  06:16    4.0    0.0     0.0  7.2    24.1  16:30   WNW
04    15.5   20.9  16:34   12.2  05:01    3.2    0.0     0.0  6.7    27.4  17:25   NE
05    17.0   22.3  14:58   12.4  05:34    1.8    0.0     0.0  9.4    35.4  15:00   NE
06    17.2   23.1  16:26   11.2  06:11    2.2    0.0     0.0  7.6    30.6  14:35   NE
07    17.2   23.4  16:35    9.6  06:13    3.3    0.0     0.0  8.2    32.2  11:21   ENE
08    17.5   23.9  15:52   10.4  06:18    2.1    0.0     0.0  8.1    32.2  16:39   NE
09    16.6   22.8  14:45    9.3  05:44    4.1    0.0     0.0  4.6    24.1  12:37   NE
10    16.7   23.4  13:41   10.8  05:21    2.2    0.0     0.2 10.8    37.0  16:35   SSW
11    15.3   21.6  17:11   10.0  04:43    4.6    0.0     0.2  6.3    30.6  00:15   NE
12    19.2   26.1  16:25   11.7  05:16    0.0    1.1     0.0  4.6    27.4  20:30   NE
13    18.5   26.4  16:40   12.1  06:08    0.0    1.6     8.2  4.0    32.2  20:00   NE
14    17.5   23.1  16:36   14.3  04:01    0.0    0.6     0.0  7.5    37.0  17:25   NNE
15    14.1   19.7  17:38   10.2  19:23    6.1    0.0    10.4  6.0    38.6  19:10   NNE
16    11.0   13.3  17:25   10.2  02:37   11.9    0.0     7.6  8.3    25.7  01:35   SW
17    13.1   17.7  15:25   10.5  04:53    7.6    0.0     1.4  9.3    27.4  10:50   WSW
18    15.8   21.5  15:54   11.0  06:25    3.8    0.0     0.0  4.0    19.3  14:55   W
19    14.5   20.8  14:56    9.6  06:10    5.7    0.0     0.0  5.4    35.4  16:30   NNE
20    15.9   21.9  15:19   12.2  02:57    2.3    0.0     0.0  7.0    30.6  12:50   NE
21    17.4   24.6  17:19   10.7  06:02    1.2    0.0     3.0  5.2    29.0  17:45   ENE
22    17.3   24.2  15:08   11.1  05:28    1.2    0.0     0.6  3.9    27.4  13:55   ENE
23    18.8   24.3  15:53   13.6  05:42    0.0    1.2     0.4  3.9    25.7  20:49   SW
24    17.7   23.4  16:10   14.8  06:09    0.0    1.4    11.6  3.2    30.6  22:15   WSW
25    18.5   26.2  14:59   12.3  05:48    0.0    1.6     0.0  3.6    35.4  16:30   E
26    19.0   25.9  16:20   11.9  06:24    0.0    1.1     0.0  4.4    19.3  13:10   NE
27    21.3   27.3  16:00   14.6  05:31    0.0    4.7     0.0  2.1    16.1  13:59   ESE
28    22.3   29.1  16:05   14.3  04:59    0.0    6.1     0.0  4.4    25.7  16:45   ENE
29    22.8   29.1  14:41   15.9  05:58    0.0    7.5     0.0  4.1    19.3  21:30   WSW
30    21.9   27.0  17:48   16.7  04:37    0.0    6.3     9.8  5.5    41.8  23:55   NNE
31    21.9   29.3  17:20   16.7  05:38    0.0    8.4    11.0  4.5    33.8  01:57   NW
---------------------------------------------------------------------------------------
      17.3   29.3    31     9.3     9    81.8   41.5    64.4  5.8    41.8    30    NE

Max >=   32.2:  0
Max <=    0.0:  0
Min <=    0.0:  0
Min <=  -17.8:  0
Max Rain    :   11.6 mm ON 05/24/2018
Days of Rain: 10 (> 0.254 mm) 7 (> 2.54 mm) 0 (> 25.4 mm)



Please note the license to use and transfer of this data:
http://creativecommons.org/licenses/by-nc-sa/3.0/deed.en

Bitte beachten sie die Lizenz zur Verwertung und Weitergabe der Daten:
http://creativecommons.org/licenses/by-nc-sa/3.0/deed.de

zurück zur Übersicht der NOAA Aufstellungen

Cookies helfen bei der Bereitstellung von Inhalten. Durch die Nutzung dieser Seiten erklärst du dich damit einverstanden, dass Cookies auf deinem Rechner gespeichert werden. Weitere Information