NOAA klimatische Zusammenfassung

                   MONTHLY CLIMATOLOGICAL SUMMARY for JUN 2018


NAME: Wetterstation-Pliening  CITY: Pliening              STATE: Bayern              
ELEV:  504.1 m    LAT: 48.2 N    LONG: 11.8 E


                   TEMPERATURE (C), RAIN (mm), WIND SPEED (kph)

                                         HEAT   COOL         AVG
      MEAN                               DEG    DEG          WIND                  DOM
DAY   TEMP   HIGH  TIME    LOW   TIME    DAYS   DAYS   RAIN  SPEED   HIGH  TIME    DIR
---------------------------------------------------------------------------------------
01    20.4   25.6  18:45   16.1  06:20    0.0    4.5     1.0  5.4    29.0  02:50   WSW
02    21.1   27.4  17:08   15.3  06:12    0.0    5.4     0.0  3.8    20.9  13:35   WSW
03    21.5   29.0  16:20   14.6  05:40    0.0    6.2     0.0  4.1    16.1  11:20   NNE
04    22.3   28.6  16:33   14.5  05:01    0.0    5.8     0.0  5.7    27.4  11:35   NNE
05    22.7   28.9  15:32   16.6  06:26    0.0    7.9     0.0  4.0    19.3  12:59   NNE
06    20.6   28.3  14:48   15.2  05:40    0.0    6.2     5.0  4.9    43.5  17:20   NNE
07    19.6   27.1  15:29   15.6  05:39    0.0    5.3    17.0  3.3    29.0  17:05   SW
08    21.3   27.9  16:55   16.1  05:21    0.0    6.6     0.0  4.3    32.2  17:15   NE
09    20.7   28.9  16:39   16.4  04:47    0.0    7.8    15.0  4.6    32.2  17:55   SW
10    22.6   28.3  18:45   17.1  05:59    0.0    7.8     3.4  3.8    32.2  15:00   SW
11    23.2   29.4  14:43   17.5  05:39    0.0    9.2     0.0  4.3    33.8  20:55   SE
12    19.2   25.3  15:49   15.8  23:16    0.0    3.9    66.6  4.6    37.0  17:50   WSW
13    14.2   16.2  00:13   12.8  22:51    6.8    0.0    15.0  5.9    25.7  07:13   W
14    15.5   21.2  17:19   12.2  05:47    3.0    0.0     0.0  3.3    16.1  02:05   NW
15    17.7   22.8  17:31   12.4  00:36    1.3    0.0     0.0  3.3    22.5  15:33   ENE
16    19.3   26.4  18:33   11.4  05:25    0.0    1.1     0.0  3.3    22.5  14:25   N
17    19.6   26.3  17:25   13.8  04:57    0.0    3.2     3.0  5.7    30.6  21:15   SW
18    19.5   24.9  16:54   15.8  03:44    0.0    3.6     0.0  4.6    22.5  10:30   WSW
19    20.7   27.2  16:49   14.6  04:34    0.0    4.7     0.0  3.3    20.9  15:32   SW
20    22.7   27.8  17:24   15.4  05:52    0.0    5.9     0.0  3.7    22.5  14:45   NE
21    22.5   29.8  13:54   16.5  05:54    0.0    8.7     0.0  7.5    37.0  14:05   SW
22    14.7   17.8  00:00    9.8  05:42    8.1    0.0     0.0 11.3    41.8  13:30   W
23    14.4   19.8  15:16    8.9  03:52    7.2    0.0     0.0  5.7    30.6  13:45   WSW
24    16.4   21.0  17:15   12.3  03:30    3.0    0.0     0.0  3.1    17.7  16:10   WNW
25    15.9   20.3  16:01   11.0  06:14    4.8    0.0     1.2  3.1    17.7  00:40   NW
26    18.0   23.6  15:11   11.5  05:39    1.4    0.0     0.0  3.4    19.3  12:25   SW
27    17.5   22.9  16:13   12.4  05:28    1.2    0.0     0.0  4.6    32.2  17:05   NW
28    14.7   16.3  12:49   13.0  02:37    6.7    0.0    11.8  4.2    30.6  17:09   NW
29    18.9   25.7  18:03   15.1  00:01    0.0    3.6     0.2  3.8    16.1  17:30   SW
30    20.8   25.8  13:50   15.2  23:57    0.0    3.9     0.0  5.5    25.7  15:45   NNE
---------------------------------------------------------------------------------------
      19.3   29.8    21     8.9    23    43.5  111.5   139.2  4.6    43.5     6    WSW

Max >=   32.2:  0
Max <=    0.0:  0
Min <=    0.0:  0
Min <=  -17.8:  0
Max Rain    :   66.6 mm ON 06/12/2018
Days of Rain: 10 (> 0.254 mm) 8 (> 2.54 mm) 1 (> 25.4 mm)



Please note the license to use and transfer of this data:
http://creativecommons.org/licenses/by-nc-sa/3.0/deed.en

Bitte beachten sie die Lizenz zur Verwertung und Weitergabe der Daten:
http://creativecommons.org/licenses/by-nc-sa/3.0/deed.de

zurück zur Übersicht der NOAA Aufstellungen

Cookies helfen bei der Bereitstellung von Inhalten. Durch die Nutzung dieser Seiten erklärst du dich damit einverstanden, dass Cookies auf deinem Rechner gespeichert werden. Weitere Information