NOAA klimatische Zusammenfassung

                   MONTHLY CLIMATOLOGICAL SUMMARY for AUG 2018


NAME: Wetterstation-Pliening  CITY: Pliening              STATE: Bayern              
ELEV:  504.1 m    LAT: 48.2 N    LONG: 11.8 E


                   TEMPERATURE (C), RAIN (mm), WIND SPEED (kph)

                                         HEAT   COOL         AVG
      MEAN                               DEG    DEG          WIND                  DOM
DAY   TEMP   HIGH  TIME    LOW   TIME    DAYS   DAYS   RAIN  SPEED   HIGH  TIME    DIR
---------------------------------------------------------------------------------------
01    27.3   35.2  17:18   20.8  06:13    0.0   17.4     4.0  3.6    46.7  22:25   SW
02    24.8   32.2  17:01   19.6  06:22    0.0   13.6     0.0  6.2    30.6  00:55   WSW
03    25.9   32.7  16:00   19.9  06:01    0.0   14.4     0.0  3.0    22.5  18:08   E
04    26.6   34.3  16:36   19.9  06:39    0.0   15.8     0.0  2.4    30.6  18:40   ESE
05    26.0   32.3  15:17   20.5  05:51    0.0   14.5     0.0  3.7    25.7  17:15   NW
06    25.0   31.3  18:01   17.8  06:31    0.0   11.2     0.0  4.3    24.1  13:30   NE
07    25.3   31.2  14:12   20.7  05:35    0.0   13.6     0.8  3.0    37.0  15:55   SSE
08    25.2   31.9  16:44   18.6  06:20    0.0   12.4     0.0  4.8    43.5  10:01   SW
09    25.5   34.5  14:29   18.5  06:15    0.0   14.7     1.8  5.0    35.4  20:40   ESE
10    16.8   20.1  01:36   14.2  11:33    2.2    0.0    12.0  4.4    27.4  09:50   S
11    19.1   26.8  17:39   12.6  06:30    0.0    2.4     0.0  4.3    27.4  10:10   W
12    21.2   28.3  16:12   12.7  05:39    0.0    3.9     0.0  3.2    20.9  10:40   E
13    22.5   31.8  14:53   17.8  23:56    0.0   11.6     4.8  5.0    53.1  16:50   S
14    20.3   25.5  15:50   16.9  06:23    0.0    5.2     2.0  6.3    24.1  18:15   WSW
15    21.5   26.9  16:31   17.1  06:57    0.0    6.7     0.0  3.4    20.9  13:45   WSW
16    21.8   27.9  17:19   14.9  06:34    0.0    5.6     0.0  4.0    25.7  12:20   E
17    22.4   30.8  17:06   14.8  06:39    0.0    8.1     0.0  2.2    14.5  13:15   S
18    22.6   29.8  17:19   17.6  06:21    0.0    9.6     0.0  4.6    25.7  12:17   SW
19    23.7   31.2  18:00   16.7  06:18    0.0   10.1     0.0  2.7    14.5  15:00   SW
20    24.1   31.6  16:58   17.7  06:10    0.0   11.3     0.0  3.0    17.7  16:15   SW
21    23.5   30.5  16:59   17.1  06:38    0.0    9.8     0.0  2.6    20.9  15:40   NNE
22    24.6   32.4  17:08   17.4  06:30    0.0   11.8     0.0  2.5    22.5  15:35   ESE
23    23.1   31.2  14:54   18.7  23:22    0.0   11.9     0.4  4.5    41.8  17:40   S
24    18.9   23.0  16:23   15.4  23:58    0.0    1.6     1.0  6.8    33.8  11:50   SW
25    14.8   18.2  14:21   11.4  23:59    6.3    0.0     3.2  6.1    30.6  14:20   SW
26    14.0   19.9  17:02   10.7  08:08    5.4    0.0     0.4  4.0    20.9  13:10   WSW
27    17.2   27.1  16:22    8.0  06:21    1.5    0.0     0.0  4.5    24.1  16:30   SSE
28    20.8   26.9  16:30   15.9  06:52    0.0    5.6     0.0  2.5    17.7  17:43   NNE
29    20.8   30.1  17:28   13.7  06:07    0.0    6.4     4.2  3.0    49.9  21:44   SE
30    17.4   19.8  15:05   15.9  09:45    0.9    0.0     4.8  6.9    30.6  06:20   SW
31    14.7   16.3  00:03   13.6  06:48    6.0    0.0    11.2  3.1    19.3  15:35   N
---------------------------------------------------------------------------------------
      21.9   35.2     1     8.0    27    22.3  249.1    50.6  4.1    53.1    13    SSW

Max >=   32.2:  7
Max <=    0.0:  0
Min <=    0.0:  0
Min <=  -17.8:  0
Max Rain    :   12.0 mm ON 08/10/2018
Days of Rain: 13 (> 0.254 mm) 7 (> 2.54 mm) 0 (> 25.4 mm)



Please note the license to use and transfer of this data:
http://creativecommons.org/licenses/by-nc-sa/3.0/deed.en

Bitte beachten sie die Lizenz zur Verwertung und Weitergabe der Daten:
http://creativecommons.org/licenses/by-nc-sa/3.0/deed.de

zurück zur Übersicht der NOAA Aufstellungen

Cookies helfen bei der Bereitstellung von Inhalten. Durch die Nutzung dieser Seiten erklärst du dich damit einverstanden, dass Cookies auf deinem Rechner gespeichert werden. Weitere Information