NOAA klimatische Zusammenfassung

                   MONTHLY CLIMATOLOGICAL SUMMARY for MAR 2019


NAME: Wetterstation-Pliening  CITY: Pliening              STATE: Bayern              
ELEV:  504.1 m    LAT: 48.2 N    LONG: 11.8 E


                   TEMPERATURE (C), RAIN (mm), WIND SPEED (kph)

                                         HEAT   COOL         AVG
      MEAN                               DEG    DEG          WIND                  DOM
DAY   TEMP   HIGH  TIME    LOW   TIME    DAYS   DAYS   RAIN  SPEED   HIGH  TIME    DIR
---------------------------------------------------------------------------------------
01     7.6   10.0  01:29    6.4  23:57   18.2    0.0     5.4 14.4    41.8  15:35   SW
02     6.9    8.9  16:23    5.5  06:14   20.0    0.0     0.2  9.9    29.0  00:30   SW
03    10.3   14.9  15:28    7.4  00:00   12.9    0.0     0.0 12.1    45.1  12:59   SW
04     9.0   16.8  11:36    4.7  22:41   13.7    0.0     1.0 18.6    75.6  13:34   S
05     6.3    9.9  12:26    4.1  03:34   20.3    0.0     5.6 18.7    54.7  16:52   SW
06     7.5   13.6  15:35    2.4  06:04   18.6    0.0     0.0  4.2    25.7  10:35   ESE
07     8.9   12.7  10:47    6.1  22:20   16.0    0.0     2.2 10.1    48.3  08:45   S
08     7.5   11.1  15:04    3.9  23:29   19.5    0.0     0.0 12.8    51.5  11:50   SSW
09     8.7   11.6  13:54    4.2  00:00   18.8    0.0     0.6 20.0    62.8  21:50   SW
10    10.3   14.4  15:04    5.1  23:15   15.4    0.0     6.4 24.0    86.9  16:35   SW
11     2.8    5.8  00:00    0.0  10:55   27.8    0.0     3.8 18.9    62.8  08:10   SW
12     5.0   10.7  16:23    1.6  05:18   21.9    0.0     0.0 11.4    46.7  01:45   SW
13     6.3   10.3  03:09    3.8  23:04   20.2    0.0     0.6 18.7    61.2  04:20   SW
14     4.8    6.6  11:53    3.3  03:34   24.1    0.0     3.4 22.4    61.2  17:45   SW
15     7.3   10.7  21:39    4.2  08:05   19.6    0.0     7.8 20.4    64.4  22:05   SW
16    11.6   16.4  16:49    9.6  22:50    9.6    0.0     0.2 18.9    64.4  03:28   SW
17    10.9   20.3  14:34    4.1  23:59   11.0    0.0     3.0 14.7    61.2  18:20   SSW
18     4.3    8.7  15:45    1.8  20:48   23.5    0.0     0.0 10.1    43.5  12:06   SW
19     3.8    8.8  15:11    0.5  04:10   24.6    0.0     0.0  2.2    20.9  15:05   NW
20     4.1   10.0  15:24   -0.5  05:17   24.5    0.0     0.0  2.0    19.3  11:00   SE
21     5.7   13.2  15:33   -0.9  06:04   22.0    0.0     0.0  4.8    27.4  10:10   ENE
22     7.5   16.6  16:28   -0.2  06:09   18.2    0.0     0.0  2.1    20.9  14:35   ESE
23    10.4   19.6  15:40    2.1  06:23   13.4    0.0     0.0  2.5    20.9  13:30   SSE
24    10.6   18.8  15:36    2.8  06:23   13.6    0.0     0.0  4.5    25.7  19:15   WNW
25     6.2   10.4  12:15    1.8  19:50   22.0    0.0     1.8 12.7    48.3  11:35   WSW
26     4.5    8.9  14:52    0.9  05:41   24.1    0.0     0.0  6.6    25.7  13:40   W
27     5.3    9.1  14:17    2.4  07:16   22.6    0.0     0.4  2.0    20.9  01:45   W
28     8.5   13.1  14:58    4.7  05:59   17.0    0.0     0.0  3.7    20.9  12:30   E
29     9.1   15.6  15:40    3.7  04:15   15.7    0.0     0.0  5.1    29.0  12:15   ENE
30     9.8   18.3  15:30    1.3  06:13   15.3    0.0     0.0  1.8    16.1  15:40   SE
31    11.2   18.7  16:20    3.4  07:11   13.1    0.0     0.0  3.4    27.4  13:25   E
---------------------------------------------------------------------------------------
       7.5   20.3    17    -0.9    21   577.3    0.0    42.4 10.8    86.9    10    SW

Max >=   32.2:  0
Max <=    0.0:  0
Min <=    0.0:  4
Min <=  -17.8:  0
Max Rain    :    7.8 mm ON 03/15/2019
Days of Rain: 13 (> 0.254 mm) 7 (> 2.54 mm) 0 (> 25.4 mm)



Please note the license to use and transfer of this data:
http://creativecommons.org/licenses/by-nc-sa/3.0/deed.en

Bitte beachten sie die Lizenz zur Verwertung und Weitergabe der Daten:
http://creativecommons.org/licenses/by-nc-sa/3.0/deed.de

zurück zur Übersicht der NOAA Aufstellungen

Cookies helfen bei der Bereitstellung von Inhalten. Durch die Nutzung dieser Seiten erklärst du dich damit einverstanden, dass Cookies auf deinem Rechner gespeichert werden. Weitere Information