NOAA klimatische Zusammenfassung

                   MONTHLY CLIMATOLOGICAL SUMMARY for JUN 2019


NAME: Wetterstation-Pliening  CITY: Pliening              STATE: Bayern              
ELEV:  504.1 m    LAT: 48.2 N    LONG: 11.8 E


                   TEMPERATURE (C), RAIN (mm), WIND SPEED (kph)

                                         HEAT   COOL         AVG
      MEAN                               DEG    DEG          WIND                  DOM
DAY   TEMP   HIGH  TIME    LOW   TIME    DAYS   DAYS   RAIN  SPEED   HIGH  TIME    DIR
---------------------------------------------------------------------------------------
01    18.9   25.6  17:08   10.5  05:27    0.6    0.0     0.0  3.4    19.3  12:23   ESE
02    21.3   27.7  14:49   13.2  05:27    0.0    3.8     0.0  4.3    24.1  12:16   E
03    21.9   30.3  16:10   12.7  05:04    0.0    5.7     0.0  3.2    37.0  20:15   SSE
04    22.6   29.2  15:49   14.9  05:48    0.0    6.8     0.0  4.0    24.1  16:25   E
05    22.8   30.2  16:41   14.3  05:41    0.0    7.1     0.0  3.8    25.7  15:00   ENE
06    18.9   23.0  13:42   13.4  23:44    0.2    0.0     0.0  8.9    40.2  05:25   WSW
07    19.9   28.1  17:09   10.6  05:47    0.0    1.8     0.0  6.8    53.1  23:45   ENE
08    17.8   23.5  17:09   14.1  02:20    0.0    0.9     0.0  6.5    45.1  00:15   WSW
09    19.4   27.1  15:24   10.8  05:38    0.0    1.2     0.4  4.5    29.0  23:00   E
10    18.9   27.1  17:05   14.8  03:40    0.0    4.8     8.0  5.5    53.1  18:14   WSW
11    18.2   25.2  17:08   13.6  07:09    0.0    1.9     1.4  7.2    35.4  06:10   WSW
12    16.5   21.4  12:19   12.8  23:49    2.2    0.0     0.0  6.0    40.2  13:55   WSW
13    19.0   26.1  17:21   11.7  05:52    0.0    1.0     0.0  2.5    20.9  16:35   NNW
14    23.1   30.8  15:18   13.6  04:48    0.0    6.9     0.0  5.7    30.6  10:00   E
15    23.4   27.3  13:55   19.7  04:39    0.0    9.3     0.0  5.9    37.0  08:40   NW
16    17.6   22.6  15:19   14.6  06:08    0.0    0.4     5.4  6.1    48.3  00:40   WSW
17    19.8   25.7  15:31   12.6  04:49    0.0    1.4     0.0  5.0    27.4  15:45   E
18    22.2   30.2  17:40   14.1  05:41    0.0    6.9     0.0  2.2    16.1  13:09   NNE
19    24.3   31.1  16:24   17.8  05:36    0.0   11.0     0.0  2.9    29.0  00:35   SE
20    20.1   26.2  14:42   15.6  23:59    0.0    4.6    14.4  4.8    64.4  16:45   S
21    19.2   25.3  16:01   13.7  05:35    0.0    2.2    19.0  3.4    27.4  20:20   SSW
22    18.6   24.4  17:13   15.0  04:09    0.0    2.4    26.6  4.4    45.1  19:40   ENE
23    18.9   24.7  18:08   14.9  04:26    0.0    2.7     0.4  2.8    22.5  14:05   NE
24    22.6   28.3  16:58   16.5  05:25    0.0    7.3     0.0  7.2    30.6  11:40   ENE
25    24.4   31.6  17:29   15.9  05:10    0.0    9.8     0.0  2.7    14.5  00:00   NE
26    27.1   34.1  16:44   18.7  05:47    0.0   14.5     0.0  1.8     9.7  13:59   NE
27    27.1   33.5  15:05   20.3  05:05    0.0   15.4     0.0  3.9    24.1  16:40   WSW
28    22.6   29.3  15:59   15.1  05:19    0.0    6.9     0.0  2.1    19.3  16:42   NW
29    22.9   29.4  16:50   14.8  05:46    0.0    6.8     0.0  4.1    22.5  12:20   NE
30    26.1   35.6  17:39   14.2  04:39    0.0   11.8     0.0  3.7    35.4  14:10   W
---------------------------------------------------------------------------------------
      21.2   35.6    30    10.5     1     3.0  155.1    75.6  4.5    64.4    20    ENE

Max >=   32.2:  3
Max <=    0.0:  0
Min <=    0.0:  0
Min <=  -17.8:  0
Max Rain    :   26.6 mm ON 06/22/2019
Days of Rain: 8 (> 0.254 mm) 5 (> 2.54 mm) 1 (> 25.4 mm)



Please note the license to use and transfer of this data:
http://creativecommons.org/licenses/by-nc-sa/3.0/deed.en

Bitte beachten sie die Lizenz zur Verwertung und Weitergabe der Daten:
http://creativecommons.org/licenses/by-nc-sa/3.0/deed.de

zurück zur Übersicht der NOAA Aufstellungen

Cookies helfen bei der Bereitstellung von Inhalten. Durch die Nutzung dieser Seiten erklärst du dich damit einverstanden, dass Cookies auf deinem Rechner gespeichert werden. Weitere Information