NOAA klimatische Zusammenfassung

                   MONTHLY CLIMATOLOGICAL SUMMARY for NOV 2019


NAME: Wetterstation-Pliening  CITY: Pliening              STATE: Bayern              
ELEV:  504.1 m    LAT: 48.2 N    LONG: 11.8 E


                   TEMPERATURE (C), RAIN (mm), WIND SPEED (kph)

                                         HEAT   COOL         AVG
      MEAN                               DEG    DEG          WIND                  DOM
DAY   TEMP   HIGH  TIME    LOW   TIME    DAYS   DAYS   RAIN  SPEED   HIGH  TIME    DIR
---------------------------------------------------------------------------------------
01     6.2    9.1  14:52    2.7  00:36   22.4    0.0     1.2  3.1    14.5  20:45   ESE
02    11.3   18.6  15:21    8.1  23:53    9.0    0.0     2.0  2.6    27.4  14:35   SE
03     9.6   12.3  12:50    7.2  02:38   15.5    0.0     1.2  3.2    38.6  20:40   E
04    10.7   14.9  12:50    7.7  07:13   12.7    0.0     0.6  5.2    41.8  01:45   SSW
05     7.4   10.9  00:57    3.1  23:53   20.5    0.0     3.2  5.0    37.0  05:58   SSE
06     6.3   10.6  14:24    2.2  04:18   21.5    0.0     0.0  3.5    24.1  12:40   S
07     6.5   12.3  13:43    2.2  06:45   19.9    0.0     0.2  2.4    22.5  11:35   SE
08     5.0    6.6  17:47    2.6  05:21   24.8    0.0     0.6  3.8    27.4  19:15   SSW
09     4.9    8.2  14:39    1.1  23:39   24.7    0.0     0.0  8.1    27.4  02:25   SW
10     0.6    2.9  15:25   -1.8  06:01   32.0    0.0     0.2  0.8    11.3  12:45   ENE
11     1.4    3.1  14:34    0.0  03:15   30.2    0.0     0.0  1.6    16.1  12:18   E
12     4.4    6.3  15:07    1.2  23:19   26.3    0.0     2.6  2.5    22.5  22:00   SSE
13     2.8    5.2  14:31    0.4  23:57   28.0    0.0     3.0  3.0    16.1  18:55   SSW
14     1.9    6.4  14:17   -1.0  07:19   28.2    0.0     0.2  4.0    20.9  22:33   E
15     6.2    9.7  14:28    3.6  00:00   21.0    0.0     0.0  6.0    37.0  11:05   WSW
16     4.5    5.8  12:12    2.4  02:28   25.5    0.0     0.0  1.0    11.3  12:21   SSW
17     4.5    6.2  13:35    3.7  06:43   24.2    0.0     1.0  3.1    22.5  13:30   NE
18     5.1   10.4  13:57    2.6  07:33   21.3    0.0     0.0  4.9    29.0  10:39   SW
19     3.4    6.4  14:59    0.6  08:21   26.7    0.0     0.0  0.8    11.3  15:00   WNW
20     2.5    4.0  13:38    0.1  07:30   29.3    0.0     0.0  1.4    14.5  10:25   E
21     3.7    4.9  14:04    2.8  00:03   26.0    0.0     0.8  0.5     9.7  23:48   E
22     3.4    4.8  12:50    1.6  23:36   27.2    0.0     0.0  3.1    16.1  15:45   E
23     6.5   13.4  13:36   -0.6  05:48   21.5    0.0     0.0  5.4    25.7  13:30   ENE
24     6.6   12.1  14:05    3.3  23:55   19.2    0.0     0.0  1.2    14.5  00:00   N
25     3.8    4.6  21:59    2.4  03:14   26.7    0.0     0.2  0.7     8.0  05:14   SW
26     5.8   10.2  13:34    3.9  07:15   20.3    0.0     0.2  2.2    11.3  21:20   ESE
27     5.5    8.8  15:35    3.2  05:42   22.2    0.0     0.4  3.4    20.9  23:14   ESE
28     8.8   11.8  13:09    6.2  00:47   16.8    0.0     0.2 12.4    46.7  14:35   SSW
29     6.7    9.3  12:04    1.8  23:28   23.0    0.0     3.8 13.3    43.5  13:45   WSW
---------------------------------------------------------------------------------------
       5.4   18.6     2    -1.8    10   666.5    0.0    21.6  3.7    46.7    28    SE

Max >=   32.2:  0
Max <=    0.0:  0
Min <=    0.0:  4
Min <=  -17.8:  0
Max Rain    :    3.8 mm ON 11/29/2019
Days of Rain: 12 (> 0.254 mm) 4 (> 2.54 mm) 0 (> 25.4 mm)



Please note the license to use and transfer of this data:
http://creativecommons.org/licenses/by-nc-sa/3.0/deed.en

Bitte beachten sie die Lizenz zur Verwertung und Weitergabe der Daten:
http://creativecommons.org/licenses/by-nc-sa/3.0/deed.de

zurück zur Übersicht der NOAA Aufstellungen

Cookies helfen bei der Bereitstellung von Inhalten. Durch die Nutzung dieser Seiten erklärst du dich damit einverstanden, dass Cookies auf deinem Rechner gespeichert werden. Weitere Information