NOAA klimatische Zusammenfassung

                   MONTHLY CLIMATOLOGICAL SUMMARY for MAY 2020


NAME: Wetterstation-Pliening  CITY: Pliening              STATE: Bayern              
ELEV:  504.1 m    LAT: 48.2 N    LONG: 11.8 E


                   TEMPERATURE (C), RAIN (mm), WIND SPEED (kph)

                                         HEAT   COOL         AVG
      MEAN                               DEG    DEG          WIND                  DOM
DAY   TEMP   HIGH  TIME    LOW   TIME    DAYS   DAYS   RAIN  SPEED   HIGH  TIME    DIR
---------------------------------------------------------------------------------------
01    10.9   16.1  12:56    6.9  05:48   12.2    0.0     2.2  7.9    33.8  11:15   SW
02     9.3   12.8  15:28    6.9  23:56   15.2    0.0     2.2 10.8    41.8  18:00   SW
03    10.2   16.3  16:18    4.8  06:59   14.0    0.0     0.0  3.7    22.5  11:41   SSW
04    12.9   18.3  16:42    7.4  02:08    9.8    0.0     1.0  4.0    22.5  12:05   SW
05    10.5   13.9  15:28    7.1  23:37   14.1    0.0     0.0  4.0    22.5  03:10   NW
06     9.5   15.1  17:06    3.5  06:17   16.2    0.0     0.0  3.1    19.3  13:05   NNE
07    12.4   20.8  16:20    3.6  05:48   11.1    0.0     0.0  2.6    16.1  13:05   SE
08    17.3   26.3  16:26    7.3  06:07    2.8    0.0     0.0  2.9    24.1  14:55   SSE
09    19.4   26.3  16:50   13.3  03:42    0.0    2.7     0.0  2.1    14.5  09:10   SE
10    17.0   23.3  16:59   13.6  06:14    0.0    0.2     3.0  3.0    24.1  09:15   SE
11    12.8   20.3  15:04    3.2  23:48   11.8    0.0    11.4  5.7    62.8  16:41   W
12     6.4   11.9  16:17    2.3  01:18   20.2    0.0     1.4  4.4    24.1  00:25   NE
13     7.4    9.3  16:02    5.9  05:41   19.3    0.0     2.0  4.0    22.5  15:55   NNE
14     9.2   12.3  14:31    6.9  04:33   15.7    0.0     2.2  4.8    24.1  17:50   NNE
15     8.8   10.6  19:21    5.8  23:53   18.3    0.0     6.8  6.5    30.6  05:36   ENE
16    10.9   17.7  17:25    2.7  05:50   14.7    0.0     0.0  3.0    20.9  11:41   ENE
17    14.3   21.9  17:57    6.4  06:11    7.5    0.0     0.0  2.2    16.1  15:15   S
18    16.1   24.2  17:45    7.0  06:10    5.0    0.0     0.0  2.2    17.7  10:15   NNW
19    17.9   25.3  17:55    9.7  05:39    1.5    0.0     0.0  2.5    17.7  13:25   NW
20    17.2   21.6  15:57   12.7  23:59    2.1    0.0     0.0  4.0    19.3  01:30   N
21    17.4   23.9  18:15   12.3  00:37    0.4    0.0     0.0  2.2    19.3  13:37   NNE
22    19.8   26.2  16:21   11.7  05:17    0.0    1.1     0.0  5.1    45.1  20:15   SW
23    16.1   23.8  14:28    9.3  23:53    3.2    0.0     4.4  6.9    48.3  14:55   SW
24    13.2   18.3  17:57    8.1  03:25    9.2    0.0     0.0 12.2    41.8  12:30   WSW
25    14.0   18.2  14:22   11.2  04:37    6.6    0.0     1.6  9.9    35.4  14:00   WSW
26    13.1   19.2  16:49    7.3  05:44    9.2    0.0     0.0  3.0    24.1  00:00   NNE
27    14.4   20.6  17:16    6.4  05:36    8.7    0.0     0.0  3.3    24.1  15:40   NE
28    13.5   18.0  15:44    9.7  23:57    8.1    0.0     1.0  4.2    27.4  11:25   SE
29    12.2   17.3  14:50    7.9  05:13   10.3    0.0     0.0  2.9    22.5  12:40   ENE
30    11.7   16.8  12:26    5.8  05:38   12.7    0.0     0.0  2.9    20.9  14:40   NE
31    13.2   17.6  17:11    7.7  05:43   10.3    0.0     0.0  3.6    25.7  19:44   ENE
---------------------------------------------------------------------------------------
      13.2   26.3     8     2.3    12   290.1    3.9    39.2  4.5    62.8    11    NNE

Max >=   32.2:  0
Max <=    0.0:  0
Min <=    0.0:  0
Min <=  -17.8:  0
Max Rain    :   11.4 mm ON 05/11/2020
Days of Rain: 12 (> 0.254 mm) 4 (> 2.54 mm) 0 (> 25.4 mm)



Please note the license to use and transfer of this data:
http://creativecommons.org/licenses/by-nc-sa/3.0/deed.en

Bitte beachten sie die Lizenz zur Verwertung und Weitergabe der Daten:
http://creativecommons.org/licenses/by-nc-sa/3.0/deed.de

zurück zur Übersicht der NOAA Aufstellungen

Cookies helfen bei der Bereitstellung von Inhalten. Durch die Nutzung dieser Seiten erklärst du dich damit einverstanden, dass Cookies auf deinem Rechner gespeichert werden. Weitere Information