NOAA klimatische Zusammenfassung

                   MONTHLY CLIMATOLOGICAL SUMMARY for AUG 2020


NAME: Wetterstation-Pliening  CITY: Pliening              STATE: Bayern              
ELEV:  504.1 m    LAT: 48.2 N    LONG: 11.8 E


                   TEMPERATURE (C), RAIN (mm), WIND SPEED (kph)

                                         HEAT   COOL         AVG
      MEAN                               DEG    DEG          WIND                  DOM
DAY   TEMP   HIGH  TIME    LOW   TIME    DAYS   DAYS   RAIN  SPEED   HIGH  TIME    DIR
---------------------------------------------------------------------------------------
01    25.7   34.6  16:37   18.3  06:06    0.0   14.6     1.4  3.4    41.8  18:10   SE
02    20.1   23.4  17:28   17.2  23:08    0.0    3.6     8.2  5.2    33.8  12:25   SW
03    16.9   19.3  15:04   14.9  22:27    2.2    0.0    14.8  3.5    27.4  21:45   WSW
04    14.0   15.9  15:26   12.7  08:20    7.3    0.0    17.6  3.1    25.7  01:25   WNW
05    16.5   21.7  14:22   10.4  05:57    4.2    0.0     0.0  3.6    24.1  17:39   ESE
06    19.4   25.9  17:24   11.7  06:11    0.0    0.9     0.0  4.0    25.7  10:25   ENE
07    22.3   29.1  15:39   15.3  06:15    0.0    7.0     0.0  3.5    24.1  13:30   NE
08    23.1   30.6  16:18   15.7  06:31    0.0    8.7     0.0  1.6    17.7  17:20   ESE
09    23.6   30.4  16:47   16.1  05:52    0.0    8.9     0.0  2.4    24.1  14:20   ESE
10    23.7   31.6  17:20   15.1  06:24    0.0    9.0     0.0  2.6    22.5  15:50   ESE
11    24.3   30.4  15:10   17.8  04:54    0.0   10.4     0.0  3.1    19.3  15:26   E
12    24.0   30.1  16:54   17.4  05:51    0.0    9.8     0.0  2.9    20.9  13:35   NE
13    22.3   29.1  11:45   17.8  04:55    0.0    9.2     0.0  5.3    43.5  15:05   SW
14    21.6   27.3  15:00   17.9  21:58    0.0    7.7     5.0  5.8    40.2  18:15   SSW
15    21.6   27.7  14:41   18.1  03:18    0.0    8.2     0.4  3.9    25.7  16:42   SW
16    22.1   27.8  16:13   16.1  07:01    0.0    6.6     0.0  3.5    27.4  11:50   E
17    20.6   25.5  16:53   17.7  04:22    0.0    5.9     0.0  4.8    22.5  08:45   WSW
18    18.0   22.7  11:55   15.8  13:07    0.0    1.7    18.4  4.0    33.8  12:15   S
19    19.9   26.3  14:57   13.6  06:49    0.0    2.9     1.0  3.4    43.5  02:10   SSE
20    22.8   32.6  16:15   14.4  05:38    0.0    9.3     0.0  2.1    17.7  13:48   SE
21    25.7   35.1  17:43   17.3  06:36    0.0   14.1     0.0  1.9    12.9  12:50   ESE
22    20.9   24.2  10:43   17.8  22:48    0.0    4.8     3.4  4.2    27.4  14:15   SSW
23    19.4   25.1  15:07   16.3  23:57    0.0    4.3     0.4  4.4    35.4  17:30   SSW
24    18.2   23.4  17:06   14.6  06:07    0.0    1.2     0.0  1.0    17.7  17:20   WSW
25    18.9   26.9  16:42   12.2  07:07    0.0    2.2     0.0  1.8    11.3  14:35   SE
26    23.0   28.1  16:27   17.3  23:53    0.0    7.8     0.0 16.5    61.2  14:55   SW
27    18.3   23.9  13:52   12.4  06:05    0.3    0.0     0.0  2.4    17.7  13:10   WSW
28    19.3   28.7  15:28   13.6  04:35    0.0    5.1    12.4  3.5    38.6  17:20   SE
29    14.7   16.7  00:00   13.3  05:59    6.0    0.0     6.6  2.5    20.9  05:45   SE
30    14.3   15.9  16:28   12.3  23:20    7.6    0.0     2.0  7.4    43.5  19:40   NNE
31    14.2   18.5  14:32   10.7  04:03    6.8    0.0     0.0  4.0    33.8  00:00   SSW
---------------------------------------------------------------------------------------
      20.3   35.1    21    10.4     5    34.4  163.7    91.6  3.9    61.2    26    SSE

Max >=   32.2:  3
Max <=    0.0:  0
Min <=    0.0:  0
Min <=  -17.8:  0
Max Rain    :   18.4 mm ON 08/18/2020
Days of Rain: 13 (> 0.254 mm) 8 (> 2.54 mm) 0 (> 25.4 mm)



Please note the license to use and transfer of this data:
http://creativecommons.org/licenses/by-nc-sa/3.0/deed.en

Bitte beachten sie die Lizenz zur Verwertung und Weitergabe der Daten:
http://creativecommons.org/licenses/by-nc-sa/3.0/deed.de

zurück zur Übersicht der NOAA Aufstellungen

Cookies helfen bei der Bereitstellung von Inhalten. Durch die Nutzung dieser Seiten erklärst du dich damit einverstanden, dass Cookies auf deinem Rechner gespeichert werden. Weitere Information