NOAA klimatische Zusammenfassung

                   MONTHLY CLIMATOLOGICAL SUMMARY for SEP 2020


NAME: Wetterstation-Pliening  CITY: Pliening              STATE: Bayern              
ELEV:  504.1 m    LAT: 48.2 N    LONG: 11.8 E


                   TEMPERATURE (C), RAIN (mm), WIND SPEED (kph)

                                         HEAT   COOL         AVG
      MEAN                               DEG    DEG          WIND                  DOM
DAY   TEMP   HIGH  TIME    LOW   TIME    DAYS   DAYS   RAIN  SPEED   HIGH  TIME    DIR
---------------------------------------------------------------------------------------
01    14.1   17.4  16:12   12.7  22:19    5.8    0.0     5.2  1.3    20.9  18:35   NW
02    14.7   19.7  16:58   11.7  06:40    4.8    0.0     0.2  1.5    19.3  17:55   N
03    16.1   23.6  18:14    9.6  06:31    3.2    0.0     0.0  2.0    16.1  15:42   S
04    20.6   28.3  16:18   15.5  01:30    0.0    6.4     0.0  2.3    16.1  00:40   SSE
05    21.1   29.1  15:00   14.6  05:41    0.0    6.3     2.6  4.5    32.2  14:00   WSW
06    16.1   19.1  12:32   14.2  23:27    3.0    0.0     6.2  1.9    17.7  02:10   NNW
07    14.6   17.8  15:55   11.7  07:08    6.5    0.0     0.2  0.9    14.5  18:15   ENE
08    15.1   22.7  16:37    9.8  03:45    3.8    0.0     0.2  0.8    11.3  17:21   ENE
09    17.5   26.9  17:39   10.2  05:06    0.0    0.3     0.0  0.6    11.3  13:00   SE
10    18.5   24.1  16:17   13.8  06:56    0.0    1.1     0.0  2.1    19.3  14:20   NNE
11    17.9   23.8  18:15   13.3  04:59    0.0    0.4     0.0  1.7    19.3  14:40   NNE
12    19.1   26.9  16:43   12.7  06:39    0.0    2.7     0.0  0.5    11.3  14:25   SE
13    19.6   27.4  15:02   13.0  06:24    0.0    3.4     0.0  1.8    19.3  16:15   ESE
14    19.1   27.0  15:34   12.2  07:28    0.0    2.2     0.0  1.8    19.3  14:44   E
15    20.6   30.1  16:53   13.8  07:05    0.0    6.5     0.0  1.0    11.3  17:20   SE
16    21.2   28.8  15:46   15.6  06:20    0.0    7.0     0.0  2.2    19.3  15:05   S
17    19.0   24.5  15:10   15.3  23:55    0.0    2.8     0.0  3.5    24.1  15:40   NE
18    14.8   20.3  15:20   10.4  23:10    5.3    0.0     0.0  5.8    25.7  15:45   ENE
19    14.3   23.3  15:55    6.6  07:17    6.1    0.0     0.0  1.5    16.1  12:50   NE
20    15.5   22.8  17:04    9.2  07:14    4.2    0.0     0.0  1.7    16.1  15:41   ENE
21    16.7   23.9  16:09   10.7  06:38    1.8    0.0     0.0  1.3    16.1  12:35   ESE
22    18.3   25.5  15:40   12.6  07:13    0.0    1.3     0.0  1.0    14.5  14:40   S
23    16.7   21.4  17:11   14.0  23:57    1.1    0.0    12.0  3.5    25.7  10:56   SSW
24    16.7   22.3  14:30   12.3  04:49    1.9    0.0     0.2  3.4    41.8  23:40   ESE
25     9.9   15.8  00:00    5.4  20:13   13.8    0.0    20.4  8.8    43.5  09:25   SSW
26     7.3    7.9  10:00    6.7  00:00   19.9    0.0     4.6 16.9    49.9  17:40   SW
27    10.0   16.3  14:33    5.5  07:32   13.4    0.0     0.0  6.6    38.6  00:15   E
28     8.0   10.5  14:29    4.8  04:23   19.2    0.0     0.6  0.8    11.3  13:35   SW
29    10.3   12.4  16:11    7.7  06:48   14.8    0.0     1.4  5.1    27.4  14:05   SSW
30    12.9   17.7  15:10    9.3  23:59    8.7    0.0     0.0  1.7    17.7  13:25   NE
---------------------------------------------------------------------------------------
      15.9   30.1    15     4.8    28   137.4   40.5    53.8  2.9    49.9    26    E

Max >=   32.2:  0
Max <=    0.0:  0
Min <=    0.0:  0
Min <=  -17.8:  0
Max Rain    :   20.4 mm ON 09/25/2020
Days of Rain: 8 (> 0.254 mm) 6 (> 2.54 mm) 0 (> 25.4 mm)



Please note the license to use and transfer of this data:
http://creativecommons.org/licenses/by-nc-sa/3.0/deed.en

Bitte beachten sie die Lizenz zur Verwertung und Weitergabe der Daten:
http://creativecommons.org/licenses/by-nc-sa/3.0/deed.de

zurück zur Übersicht der NOAA Aufstellungen

Cookies helfen bei der Bereitstellung von Inhalten. Durch die Nutzung dieser Seiten erklärst du dich damit einverstanden, dass Cookies auf deinem Rechner gespeichert werden. Weitere Information