NOAA klimatische Zusammenfassung

                   MONTHLY CLIMATOLOGICAL SUMMARY for NOV 2020


NAME: Wetterstation-Pliening  CITY: Pliening              STATE: Bayern              
ELEV:  504.1 m    LAT: 48.2 N    LONG: 11.8 E


                   TEMPERATURE (C), RAIN (mm), WIND SPEED (kph)

                                         HEAT   COOL         AVG
      MEAN                               DEG    DEG          WIND                  DOM
DAY   TEMP   HIGH  TIME    LOW   TIME    DAYS   DAYS   RAIN  SPEED   HIGH  TIME    DIR
---------------------------------------------------------------------------------------
01    10.6   13.6  23:42    6.3  01:19   15.2    0.0     2.4  2.9    17.7  14:13   SSE
02    16.8   22.0  14:49   13.3  00:33    1.2    0.0     0.0  4.5    24.1  10:00   S
03    12.5   15.9  01:06    8.9  23:50   10.7    0.0     5.2  3.4    27.4  20:00   SW
04     8.5    9.8  13:36    7.8  02:52   17.2    0.0     0.2  4.0    22.5  14:45   NNE
05     7.9   11.3  14:17    3.1  23:40   20.1    0.0     0.0  3.0    19.3  11:05   NE
06     4.8    9.1  15:07    1.8  03:33   23.2    0.0     0.0  1.8    14.5  11:45   ENE
07     4.3    6.7  15:36    1.8  23:58   25.3    0.0     0.2  0.7     9.7  10:00   ENE
08     3.8   11.4  14:36   -0.8  06:36   23.4    0.0     0.2  0.4     8.0  14:05   N
09     3.4    6.0  13:45    1.8  02:51   26.0    0.0     0.4  1.3    14.5  13:45   ENE
10     3.7    5.4  14:13    1.9  03:56   26.3    0.0     0.0  0.7     8.0  00:05   ENE
11     6.1    9.3  13:41    4.0  00:47   21.0    0.0     0.2  1.5    14.5  08:25   ESE
12     8.3   13.7  15:27    4.3  07:58   16.8    0.0     0.0  1.6    14.5  07:30   SE
13     8.6   16.2  14:26    4.7  05:03   14.2    0.0     0.0  1.5    14.5  07:20   SE
14     9.3   16.3  13:09    4.5  23:47   14.3    0.0     0.0  1.3    24.1  03:15   ESE
15     6.7   15.1  13:38    3.0  04:28   16.8    0.0     0.0  2.0    14.5  12:40   ESE
16     9.6   12.8  12:31    3.7  00:00   18.2    0.0     3.8  8.2    35.4  11:10   SW
17     8.5   13.3  13:36    4.6  23:44   16.9    0.0     0.0  3.3    20.9  11:35   SSW
18     6.4   14.3  14:10    1.6  07:58   18.7    0.0     0.0  0.9     9.7  15:10   E
19     7.7   14.3  11:31    4.6  01:57   16.0    0.0     1.6 10.1    41.8  12:20   SSW
20     4.0    6.4  00:41   -0.3  23:39   27.5    0.0     1.0  5.3    27.4  00:50   W
21     0.4    5.6  13:32   -2.3  05:26   30.0    0.0     0.2  1.5    14.5  13:09   ESE
22     1.9    8.8  13:26   -3.4  06:33   28.2    0.0     0.0  0.8    11.3  13:40   SE
23     5.0    8.5  12:31    2.3  01:50   23.2    0.0     0.8  2.2    16.1  11:25   S
24     4.4    5.3  00:51    3.2  23:12   25.3    0.0     0.0  2.9    19.3  08:00   E
25     2.1    4.2  13:09    0.1  23:30   29.2    0.0     0.0  1.8    14.5  05:05   E
26     0.7    2.4  13:45   -0.4  03:04   31.2    0.0     0.0  0.7     8.0  05:55   E
27    -0.2    2.4  12:42   -1.6  08:28   32.2    0.0     0.0  2.4    12.9  12:55   ENE
28    -0.7    0.7  22:34   -1.9  08:15   34.0    0.0     0.0  3.8    22.5  21:45   ENE
29    -0.2    2.0  12:58   -3.3  23:21   34.2    0.0     0.0  5.0    24.1  00:13   NE
30    -0.9    1.6  11:58   -5.7  07:00   36.8    0.0     0.2  2.2    17.7  19:10   WSW
---------------------------------------------------------------------------------------
       5.5   22.0     2    -5.7    30   673.3    0.0    16.4  2.7    41.8    19    ESE

Max >=   32.2:  0
Max <=    0.0:  0
Min <=    0.0:  9
Min <=  -17.8:  0
Max Rain    :    5.2 mm ON 11/03/2020
Days of Rain: 7 (> 0.254 mm) 2 (> 2.54 mm) 0 (> 25.4 mm)



Please note the license to use and transfer of this data:
http://creativecommons.org/licenses/by-nc-sa/3.0/deed.en

Bitte beachten sie die Lizenz zur Verwertung und Weitergabe der Daten:
http://creativecommons.org/licenses/by-nc-sa/3.0/deed.de

zurück zur Übersicht der NOAA Aufstellungen

Cookies helfen bei der Bereitstellung von Inhalten. Durch die Nutzung dieser Seiten erklärst du dich damit einverstanden, dass Cookies auf deinem Rechner gespeichert werden. Weitere Information