NOAA klimatische Zusammenfassung

                   MONTHLY CLIMATOLOGICAL SUMMARY for DEC 2020


NAME: Wetterstation-Pliening  CITY: Pliening              STATE: Bayern              
ELEV:  504.1 m    LAT: 48.2 N    LONG: 11.8 E


                   TEMPERATURE (C), RAIN (mm), WIND SPEED (kph)

                                         HEAT   COOL         AVG
      MEAN                               DEG    DEG          WIND                  DOM
DAY   TEMP   HIGH  TIME    LOW   TIME    DAYS   DAYS   RAIN  SPEED   HIGH  TIME    DIR
---------------------------------------------------------------------------------------
01    -0.9    1.2  19:37   -4.0  02:48   35.5    0.0     1.4  0.8    16.1  11:03   SE
02    -1.9    0.6  00:03   -2.8  15:51   35.0    0.0     0.0  3.6    20.9  13:25   NE
03    -0.8    3.4  13:20   -3.2  23:33   32.8    0.0     0.0  2.2    14.5  10:50   ESE
04     1.4    7.9  16:25   -4.2  03:44   29.7    0.0     0.0  2.9    24.1  16:10   E
05     2.1    5.3  00:18    0.1  21:05   28.2    0.0     0.6  2.4    35.4  05:05   WNW
06     2.0    4.3  12:38   -0.2  01:19   29.3    0.0     0.0  3.2    20.9  08:10   WSW
07     2.3    6.7  12:34   -1.3  23:55   28.2    0.0     0.2  2.2    17.7  03:55   ENE
08     0.2    3.2  14:49   -3.3  06:03   33.1    0.0     0.0  1.3    20.9  23:10   NNE
09     1.1    1.5  06:01    0.5  02:17   31.2    0.0     3.4  5.9    20.9  04:37   SW
10     1.4    2.2  15:08    0.7  23:09   30.4    0.0     0.0  1.4    16.1  00:00   NNW
11     1.0    2.2  13:41    0.2  08:21   30.8    0.0     0.0  2.4    16.1  08:40   E
12     2.6    5.1  13:39   -0.1  05:30   28.5    0.0     0.0  2.7    20.9  23:34   ESE
13     5.0    5.7  18:36    3.6  23:59   24.6    0.0     1.6  5.2    20.9  10:55   SW
14     3.2    7.2  13:41    0.8  08:06   25.8    0.0     0.0  2.4    16.1  03:30   E
15     2.9    4.8  21:22    0.9  06:07   27.9    0.0     0.0  1.1    14.5  01:45   ENE
16     2.9    4.8  14:41    1.6  05:07   27.2    0.0     0.0  2.3    14.5  06:10   E
17     2.5    6.7  14:09   -0.2  22:30   27.1    0.0     0.0  2.0    11.3  00:20   SE
18     0.7    5.6  12:04   -1.1  03:20   29.0    0.0     0.0  1.3    16.1  15:25   E
19    -0.8    0.2  14:59   -1.6  07:19   34.2    0.0     0.0  2.9    11.3  15:16   E
20    -0.6    0.7  16:14   -1.5  08:20   33.8    0.0     0.0  2.4    19.3  01:03   ESE
21     3.5    6.2  15:03   -0.4  00:00   27.8    0.0     0.6  1.6    14.5  16:57   ESE
22    10.8   14.1  14:37    5.1  00:03   15.8    0.0     8.4 13.4    49.9  13:32   SSW
23    11.7   14.1  14:22    9.6  05:08   11.7    0.0     0.0  5.6    22.5  01:55   S
24     7.7   11.3  00:00    4.9  22:57   18.4    0.0     5.4 12.5    56.3  13:59   SW
25     2.0    5.1  00:00    0.3  21:01   28.2    0.0     2.4  9.8    48.3  04:30   W
26    -0.5    2.4  13:43   -4.2  23:53   34.5    0.0     0.0  4.8    22.5  08:50   SW
27    -2.8    0.9  13:06   -5.9  08:16   37.5    0.0     0.0  3.4    20.9  23:12   ESE
28     0.0    1.7  19:12   -2.1  00:40   33.3    0.0     1.8  2.1    22.5  07:20   SW
29     2.1    6.3  11:54   -1.0  08:32   28.2    0.0     0.0  4.4    29.0  12:00   SSE
30     2.0    4.9  12:07   -0.2  03:39   28.7    0.0     0.0  2.1    11.3  01:10   S
31     0.5    4.8  13:52   -1.9  08:03   30.4    0.0     0.0  2.7    19.3  12:35   SE
---------------------------------------------------------------------------------------
       2.0   14.1    23    -5.9    27   896.9    0.0    25.8  3.7    56.3    24    ESE

Max >=   32.2:  0
Max <=    0.0:  0
Min <=    0.0:  19
Min <=  -17.8:  0
Max Rain    :    8.4 mm ON 12/22/2020
Days of Rain: 9 (> 0.254 mm) 3 (> 2.54 mm) 0 (> 25.4 mm)



Please note the license to use and transfer of this data:
http://creativecommons.org/licenses/by-nc-sa/3.0/deed.en

Bitte beachten sie die Lizenz zur Verwertung und Weitergabe der Daten:
http://creativecommons.org/licenses/by-nc-sa/3.0/deed.de

zurück zur Übersicht der NOAA Aufstellungen

Cookies helfen bei der Bereitstellung von Inhalten. Durch die Nutzung dieser Seiten erklärst du dich damit einverstanden, dass Cookies auf deinem Rechner gespeichert werden. Weitere Information