NOAA klimatische Zusammenfassung

                   MONTHLY CLIMATOLOGICAL SUMMARY for MAR 2022


NAME: Wetterstation-Pliening  CITY: Pliening              STATE: Bayern              
ELEV:  504.1 m    LAT: 48.2 N    LONG: 11.8 E


                   TEMPERATURE (C), RAIN (mm), WIND SPEED (kph)

                                         HEAT   COOL         AVG
      MEAN                               DEG    DEG          WIND                  DOM
DAY   TEMP   HIGH  TIME    LOW   TIME    DAYS   DAYS   RAIN  SPEED   HIGH  TIME    DIR
---------------------------------------------------------------------------------------
01     0.9    7.4  14:27   -4.1  06:50   30.0    0.0     0.0  5.8    25.7  13:45   E
02     0.6    6.2  12:36   -5.1  05:12   32.0    0.0     0.0  1.5    16.1  13:50   ESE
03     1.7    9.6  15:37   -4.5  06:46   28.5    0.0     0.0  2.2    17.7  13:10   N
04     0.6    7.1  15:54   -4.7  06:54   30.8    0.0     0.0  4.0    25.7  14:25   NE
05    -0.0    6.0  14:23   -3.9  06:33   31.2    0.0     0.0  5.8    32.2  13:10   ENE
06    -0.0    4.6  14:43   -3.6  03:48   32.1    0.0     0.0  5.8    27.4  17:39   NNE
07    -0.8    2.2  16:05   -4.1  23:35   34.8    0.0     0.0  6.5    27.4  11:30   NE
08     1.1    7.8  15:18   -4.2  00:05   29.8    0.0     0.0  6.8    35.4  10:20   ENE
09     3.1   12.1  15:17   -4.4  05:41   26.2    0.0     0.0  2.0    17.7  16:45   E
10     4.5   12.7  15:25   -3.1  06:37   24.4    0.0     0.0  7.0    35.4  21:55   E
11     2.9   10.1  15:32   -2.6  06:17   26.3    0.0     0.0  6.6    29.0  14:55   ENE
12     3.8   12.8  14:00   -3.3  05:32   24.5    0.0     0.0  2.6    27.4  14:30   NE
13     5.4   15.5  14:40   -2.9  06:56   21.7    0.0     0.0  1.9    24.1  15:35   NE
14     9.2   16.8  16:14    0.7  02:11   17.3    0.0     0.0  6.1    30.6  05:35   WSW
15     7.5   12.3  13:48    2.9  05:23   19.3    0.0     1.8  2.5    22.5  22:10   SE
16     7.7   12.1  15:14    5.4  06:08   17.2    0.0     0.0  5.7    22.5  23:10   ENE
17     7.1    9.8  16:59    3.7  07:02   20.9    0.0     0.0  1.3    24.1  00:05   NE
18     7.3   12.0  15:37    3.6  06:03   19.0    0.0     0.0  5.2    29.0  14:05   NE
19     5.7   10.3  15:34    1.1  06:08   22.8    0.0     0.0  8.2    30.6  13:40   NE
20     7.2   14.4  14:32   -0.1  06:20   20.1    0.0     0.0  5.8    25.7  17:40   ENE
21     6.3   14.7  15:21   -1.3  06:31   20.9    0.0     0.0  2.3    24.1  16:20   NE
22     7.4   16.2  15:01   -1.6  05:54   19.8    0.0     0.0  2.6    22.5  14:55   ENE
23     9.3   20.1  15:18    0.5  06:18   14.5    0.0     0.0  2.7    16.1  11:35   SSE
24    10.4   19.9  15:16    2.1  06:30   13.2    0.0     0.0  2.7    19.3  14:00   ESE
25    10.2   18.8  14:59    2.5  05:54   13.8    0.0     0.0  3.1    19.3  13:05   NNE
26     9.9   18.2  15:33    2.0  06:32   14.9    0.0     0.0  3.6    22.5  13:45   NNE
27    10.4   19.3  15:26    0.8  07:42   14.9    0.0     0.0  3.5    29.0  12:30   E
28    12.1   21.7  16:43    3.4  05:44   10.4    0.0     0.0  4.3    29.0  15:10   SSW
29    12.6   18.2  15:20    6.7  07:12   10.5    0.0     0.0  7.4    40.2  15:00   SSW
30    10.7   13.2  00:00    7.8  23:58   14.1    0.0     0.0  4.0    24.1  10:10   SW
---------------------------------------------------------------------------------------
       5.8   21.7    28    -5.1     2   655.5    0.0     1.8  4.3    40.2    29    ENE

Max >=   32.2:  0
Max <=    0.0:  0
Min <=    0.0:  16
Min <=  -17.8:  0
Max Rain    :    1.8 mm ON 03/15/2022
Days of Rain: 1 (> 0.254 mm) 0 (> 2.54 mm) 0 (> 25.4 mm)



Please note the license to use and transfer of this data:
http://creativecommons.org/licenses/by-nc-sa/3.0/deed.en

Bitte beachten sie die Lizenz zur Verwertung und Weitergabe der Daten:
http://creativecommons.org/licenses/by-nc-sa/3.0/deed.de

zurück zur Übersicht der NOAA Aufstellungen

Cookies helfen bei der Bereitstellung von Inhalten. Diese Website verwendet Cookies. Mit der Nutzung der Website erklären Sie sich damit einverstanden, dass Cookies auf Ihrem Computer gespeichert werden. Außerdem bestätigen Sie, dass Sie unsere Datenschutzerklärung gelesen und verstanden haben. Wenn Sie nicht einverstanden sind, verlassen Sie die Website.Weitere Information