NOAA klimatische Zusammenfassung

                   MONTHLY CLIMATOLOGICAL SUMMARY for AUG 2022


NAME: Wetterstation-Pliening  CITY: Pliening              STATE: Bayern              
ELEV:  504.1 m    LAT: 48.2 N    LONG: 11.8 E


                   TEMPERATURE (C), RAIN (mm), WIND SPEED (kph)

                                         HEAT   COOL         AVG
      MEAN                               DEG    DEG          WIND                  DOM
DAY   TEMP   HIGH  TIME    LOW   TIME    DAYS   DAYS   RAIN  SPEED   HIGH  TIME    DIR
---------------------------------------------------------------------------------------
01    23.1   30.4  14:54   19.3  23:51    0.0   11.8     0.2  6.8    33.8  13:55   SW
02    22.9   31.3  18:07   16.8  04:40    0.0   10.3     0.4  2.9    27.4  00:25   SW
03    24.9   32.5  16:54   16.4  06:12    0.0   11.0     0.0  4.4    22.5  14:20   ESE
04    26.8   35.8  17:47   16.9  06:11    0.0   14.4     0.0  2.3    20.9  14:30   E
05    26.6   33.9  16:43   18.7  23:56    0.0   14.3    22.2  5.3    53.1  21:55   SSE
06    18.0   20.7  18:14   15.1  09:47    0.8    0.0     5.0  3.4    24.1  02:50   NNW
07    19.2   23.7  16:16   15.6  05:49    0.0    2.3     0.0  6.4    29.0  11:39   NE
08    19.9   25.9  16:38   13.2  06:32    0.0    2.2     0.0  3.4    20.9  10:39   ENE
09    19.9   26.8  15:39   12.9  05:39    0.0    2.8     0.0  5.2    25.7  13:15   ENE
10    20.6   26.9  16:30   14.3  03:37    0.0    4.1     0.0  8.0    35.4  11:32   ENE
11    20.9   27.7  14:48   13.6  06:54    0.0    4.1     0.0  7.3    32.2  11:37   NE
12    19.1   26.2  16:43   11.8  06:29    0.0    1.2     0.0  5.2    35.4  17:25   NE
13    19.8   27.2  16:22   11.9  05:51    0.0    2.2     0.0  2.6    24.1  13:25   NE
14    22.1   30.0  14:59   13.1  06:28    0.0    5.8     0.0  5.0    29.0  14:45   E
15    23.0   30.6  18:08   18.5  02:00    0.0   11.2     0.0  6.7    46.7  20:25   SSW
16    23.4   31.4  18:10   17.2  06:55    0.0   10.7     0.0  2.4    17.7  00:05   SSE
17    24.0   32.6  15:43   15.0  06:20    0.0    9.8     0.0  2.2    17.7  14:05   NE
18    21.5   26.4  14:31   17.1  06:45    0.0    6.2     5.0  4.9    43.5  19:55   SW
19    19.3   23.5  15:51   17.0  23:43    0.0    3.4     6.6  8.8    33.8  22:00   SW
20    17.2   19.7  16:02   16.2  17:55    0.7    0.0    35.2  3.8    32.2  17:15   SW
21    19.8   27.2  17:15   14.2  06:39    0.0    4.3     0.2  2.9    19.3  15:15   SW
22    18.5   24.4  13:56   13.4  06:37    0.0    1.1     0.0  2.9    24.1  17:37   NE
23    19.3   28.1  17:30   12.1  06:36    0.0    3.2     0.0  1.5    14.5  12:10   NE
24    19.7   25.9  17:30   11.9  06:34    0.0    1.1     0.0  3.4    24.1  16:11   E
25    21.3   27.8  15:49   14.4  06:48    0.0    4.9     0.0  3.2    27.4  14:40   ENE
26    21.5   28.4  16:43   16.9  05:10    0.0    7.8     0.4  1.5    22.5  21:30   SE
27    20.6   25.9  15:44   17.4  05:13    0.0    6.0     0.8  2.9    25.7  00:55   SW
28    18.6   21.4  16:39   17.1  03:04    0.0    1.7     3.6  2.1    19.3  16:50   SW
29    19.5   26.5  18:02   13.8  06:38    0.0    3.3     0.2  1.6    19.3  14:50   N
30    20.3   27.3  14:58   13.4  06:25    0.0    3.7     0.0  2.1    20.9  15:55   ENE
---------------------------------------------------------------------------------------
      21.0   35.8     4    11.8    12     1.5  164.8    79.8  4.0    53.1     5    E

Max >=   32.2:  4
Max <=    0.0:  0
Min <=    0.0:  0
Min <=  -17.8:  0
Max Rain    :   35.2 mm ON 08/20/2022
Days of Rain: 9 (> 0.254 mm) 6 (> 2.54 mm) 1 (> 25.4 mm)



Please note the license to use and transfer of this data:
http://creativecommons.org/licenses/by-nc-sa/3.0/deed.en

Bitte beachten sie die Lizenz zur Verwertung und Weitergabe der Daten:
http://creativecommons.org/licenses/by-nc-sa/3.0/deed.de

zurück zur Übersicht der NOAA Aufstellungen

Cookies helfen bei der Bereitstellung von Inhalten. Diese Website verwendet Cookies. Mit der Nutzung der Website erklären Sie sich damit einverstanden, dass Cookies auf Ihrem Computer gespeichert werden. Außerdem bestätigen Sie, dass Sie unsere Datenschutzerklärung gelesen und verstanden haben. Wenn Sie nicht einverstanden sind, verlassen Sie die Website.Weitere Information